CRAN Package Check Results for Package satscanMapper

Last updated on 2021-06-17 15:49:21 CEST.

Flavor Version Tinstall Tcheck Ttotal Status Flags
r-devel-linux-x86_64-debian-clang 1.0.1 9.82 65.51 75.33 NOTE
r-devel-linux-x86_64-debian-gcc 1.0.1 7.68 50.88 58.56 NOTE
r-devel-linux-x86_64-fedora-clang 1.0.1 100.12 NOTE
r-devel-linux-x86_64-fedora-gcc 1.0.1 90.63 NOTE
r-devel-windows-x86_64 1.0.1 18.00 101.00 119.00 OK
r-devel-windows-x86_64-gcc10-UCRT 1.0.1 OK
r-patched-linux-x86_64 1.0.1 8.07 62.67 70.74 NOTE
r-patched-solaris-x86 1.0.1 147.10 NOTE
r-release-linux-x86_64 1.0.1 8.85 62.50 71.35 NOTE
r-release-macos-arm64 1.0.1 OK
r-release-macos-x86_64 1.0.1 OK
r-release-windows-ix86+x86_64 1.0.1 27.00 110.00 137.00 OK
r-oldrel-macos-x86_64 1.0.1 OK
r-oldrel-windows-ix86+x86_64 1.0.1 20.00 122.00 142.00 OK

Check Details

Version: 1.0.1
Check: for non-standard things in the check directory
Result: NOTE
    Found the following files/directories:
     'stateLung-R01.pdf' 'stateLung-R01.txt'
Flavors: r-devel-linux-x86_64-debian-clang, r-devel-linux-x86_64-debian-gcc, r-devel-linux-x86_64-fedora-clang, r-devel-linux-x86_64-fedora-gcc, r-patched-linux-x86_64, r-patched-solaris-x86, r-release-linux-x86_64