Last updated on 2023-01-29 07:56:15 CET.
Flavor | Version | Tinstall | Tcheck | Ttotal | Status | Flags |
---|---|---|---|---|---|---|
r-devel-linux-x86_64-debian-clang | 0.4.4 | 224.13 | 59.30 | 283.43 | WARN | |
r-devel-linux-x86_64-debian-gcc | 0.4.5 | 176.86 | 43.30 | 220.16 | NOTE | |
r-devel-linux-x86_64-fedora-clang | 0.4.5 | 517.27 | NOTE | |||
r-devel-linux-x86_64-fedora-gcc | 0.4.5 | 412.59 | NOTE | |||
r-devel-windows-x86_64 | 0.4.5 | 267.00 | 147.00 | 414.00 | NOTE | |
r-patched-linux-x86_64 | 0.4.5 | 189.19 | 58.44 | 247.63 | NOTE | |
r-release-linux-x86_64 | 0.4.5 | 187.92 | 57.97 | 245.89 | NOTE | |
r-release-macos-arm64 | 0.4.5 | 111.00 | NOTE | |||
r-release-macos-x86_64 | 0.4.5 | 144.00 | NOTE | |||
r-release-windows-x86_64 | 0.4.5 | 247.00 | 152.00 | 399.00 | NOTE | |
r-oldrel-macos-arm64 | 0.4.5 | 92.00 | NOTE | |||
r-oldrel-macos-x86_64 | 0.4.5 | 140.00 | NOTE | |||
r-oldrel-windows-ix86+x86_64 | 0.4.5 | 610.00 | 160.00 | 770.00 | NOTE |
Version: 0.4.4
Check: whether package can be installed
Result: WARN
Found the following significant warnings:
src/ast_values.cpp:484:23: warning: loop variable 'numerator' creates a copy from type 'std::basic_string<char> const' [-Wrange-loop-construct]
src/ast_values.cpp:486:23: warning: loop variable 'denominator' creates a copy from type 'std::basic_string<char> const' [-Wrange-loop-construct]
See ‘/home/hornik/tmp/R.check/r-devel-clang/Work/PKGS/sass.Rcheck/00install.out’ for details.
* used C compiler: ‘Debian clang version 15.0.6’
* used C++ compiler: ‘Debian clang version 15.0.6’
Flavor: r-devel-linux-x86_64-debian-clang
Version: 0.4.4
Check: for GNU extensions in Makefiles
Result: NOTE
GNU make is a SystemRequirements.
Flavor: r-devel-linux-x86_64-debian-clang
Version: 0.4.5
Check: for GNU extensions in Makefiles
Result: NOTE
GNU make is a SystemRequirements.
Flavors: r-devel-linux-x86_64-debian-gcc, r-devel-linux-x86_64-fedora-clang, r-devel-linux-x86_64-fedora-gcc, r-devel-windows-x86_64, r-patched-linux-x86_64, r-release-linux-x86_64, r-release-macos-arm64, r-release-macos-x86_64, r-release-windows-x86_64, r-oldrel-macos-arm64, r-oldrel-macos-x86_64, r-oldrel-windows-ix86+x86_64
Version: 0.4.5
Check: installed package size
Result: NOTE
installed size is 5.3Mb
sub-directories of 1Mb or more:
doc 1.7Mb
libs 3.2Mb
Flavors: r-devel-linux-x86_64-fedora-clang, r-devel-windows-x86_64, r-release-macos-arm64, r-release-macos-x86_64, r-release-windows-x86_64, r-oldrel-macos-arm64, r-oldrel-macos-x86_64, r-oldrel-windows-ix86+x86_64