Last updated on 2022-05-18 03:53:48 CEST.
Flavor | Version | Tinstall | Tcheck | Ttotal | Status | Flags |
---|---|---|---|---|---|---|
r-devel-linux-x86_64-debian-clang | 0.6.9 | 187.28 | 359.76 | 547.04 | OK | |
r-devel-linux-x86_64-debian-gcc | 0.6.9 | 162.89 | 332.55 | 495.44 | OK | |
r-devel-linux-x86_64-fedora-clang | 0.6.9 | 761.63 | NOTE | |||
r-devel-linux-x86_64-fedora-gcc | 0.6.9 | 677.26 | OK | |||
r-devel-windows-x86_64 | 0.6.9 | 99.00 | 113.00 | 212.00 | NOTE | |
r-patched-linux-x86_64 | 0.6.9 | 173.33 | 367.69 | 541.02 | OK | |
r-release-linux-x86_64 | 0.6.9 | 173.97 | 368.93 | 542.90 | OK | |
r-release-macos-arm64 | 0.6.9 | 105.00 | NOTE | |||
r-release-macos-x86_64 | 0.6.9 | 144.00 | NOTE | |||
r-release-windows-x86_64 | 0.6.9 | 123.00 | 112.00 | 235.00 | NOTE | |
r-oldrel-macos-arm64 | 0.6.9 | 105.00 | NOTE | |||
r-oldrel-macos-x86_64 | 0.6.9 | 141.00 | NOTE | |||
r-oldrel-windows-ix86+x86_64 | 0.6.9 | 25.00 | 133.00 | 158.00 | NOTE |
Version: 0.6.9
Check: installed package size
Result: NOTE
installed size is 34.5Mb
sub-directories of 1Mb or more:
bin 33.7Mb
Flavors: r-devel-linux-x86_64-fedora-clang, r-devel-windows-x86_64, r-release-macos-arm64, r-release-macos-x86_64, r-release-windows-x86_64, r-oldrel-macos-arm64, r-oldrel-macos-x86_64, r-oldrel-windows-ix86+x86_64