CRAN Package Check Results for Package sapfluxnetr

Last updated on 2021-02-28 19:48:11 CET.

Flavor Version Tinstall Tcheck Ttotal Status Flags
r-devel-linux-x86_64-debian-clang 0.1.1 OK
r-devel-linux-x86_64-debian-gcc 0.1.1 8.26 154.32 162.58 OK
r-devel-linux-x86_64-fedora-clang 0.1.1 264.18 NOTE
r-devel-linux-x86_64-fedora-gcc 0.1.1 255.11 NOTE
r-devel-windows-ix86+x86_64 0.1.1 15.00 186.00 201.00 OK
r-patched-linux-x86_64 0.1.1 9.11 224.56 233.67 OK
r-patched-solaris-x86 0.1.1 368.40 NOTE
r-release-linux-x86_64 0.1.1 9.83 222.80 232.63 OK
r-release-macos-x86_64 0.1.1 NOTE
r-release-windows-ix86+x86_64 0.1.1 24.00 303.00 327.00 OK
r-oldrel-macos-x86_64 0.1.1 NOTE
r-oldrel-windows-ix86+x86_64 0.1.1 17.00 287.00 304.00 OK

Check Details

Version: 0.1.1
Check: data for non-ASCII characters
Result: NOTE
     Note: found 4 marked UTF-8 strings
Flavors: r-devel-linux-x86_64-fedora-clang, r-devel-linux-x86_64-fedora-gcc, r-patched-solaris-x86, r-release-macos-x86_64, r-oldrel-macos-x86_64