CRAN Package Check Results for Package sanic

Last updated on 2021-06-19 23:49:34 CEST.

Flavor Version Tinstall Tcheck Ttotal Status Flags
r-devel-linux-x86_64-debian-clang 0.0.1 109.82 61.05 170.87 OK
r-devel-linux-x86_64-debian-gcc 0.0.1 84.32 50.65 134.97 OK
r-devel-linux-x86_64-fedora-clang 0.0.1 249.18 NOTE
r-devel-linux-x86_64-fedora-gcc 0.0.1 226.60 OK
r-devel-windows-x86_64 0.0.1 135.00 82.00 217.00 OK
r-devel-windows-x86_64-gcc10-UCRT 0.0.1 OK
r-patched-linux-x86_64 0.0.1 99.74 63.57 163.31 OK
r-patched-solaris-x86 0.0.1 217.80 OK
r-release-linux-x86_64 0.0.1 92.59 62.72 155.31 OK
r-release-macos-arm64 0.0.1 NOTE
r-release-macos-x86_64 0.0.1 NOTE
r-release-windows-ix86+x86_64 0.0.1 243.00 90.00 333.00 OK
r-oldrel-macos-x86_64 0.0.1 NOTE
r-oldrel-windows-ix86+x86_64 0.0.1 181.00 129.00 310.00 OK

Check Details

Version: 0.0.1
Check: installed package size
Result: NOTE
     installed size is 22.4Mb
     sub-directories of 1Mb or more:
     libs 22.3Mb
Flavors: r-devel-linux-x86_64-fedora-clang, r-release-macos-arm64, r-release-macos-x86_64, r-oldrel-macos-x86_64