CRAN Package Check Results for Package sandwich

Last updated on 2021-01-18 07:48:37 CET.

Flavor Version Tinstall Tcheck Ttotal Status Flags
r-devel-linux-x86_64-debian-clang 3.0-0 5.96 249.20 255.16 OK
r-devel-linux-x86_64-debian-gcc 3.0-0 5.00 200.46 205.46 OK
r-devel-linux-x86_64-fedora-clang 3.0-0 325.25 OK
r-devel-linux-x86_64-fedora-gcc 3.0-0 319.28 OK
r-devel-windows-ix86+x86_64 3.0-0 9.00 269.00 278.00 OK
r-patched-linux-x86_64 3.0-0 5.01 245.21 250.22 OK
r-patched-solaris-x86 3.0-0 684.70 OK
r-release-linux-x86_64 3.0-0 5.33 231.16 236.49 WARN
r-release-macos-x86_64 3.0-0 OK
r-release-windows-ix86+x86_64 3.0-0 8.00 243.00 251.00 OK
r-oldrel-macos-x86_64 3.0-0 OK
r-oldrel-windows-ix86+x86_64 3.0-0 9.00 211.00 220.00 OK

Check Details

Version: 3.0-0
Check: re-building of vignette outputs
Result: WARN
    Error(s) in re-building vignettes:
     ...
    --- re-building ‘sandwich-CL.Rnw’ using Sweave
    Loading required package: zoo
    
    Attaching package: ‘zoo’
    
    The following objects are masked from ‘package:base’:
    
     as.Date, as.Date.numeric
    
    
    Attaching package: ‘pcse’
    
    The following object is masked from ‘package:sandwich’:
    
     vcovPC
    
    Classes and Methods for R developed in the
    Political Science Computational Laboratory
    Department of Political Science
    Stanford University
    Simon Jackman
    hurdle and zeroinfl functions by Achim Zeileis
    Error: processing vignette 'sandwich-CL.Rnw' failed with diagnostics:
    Running ‘texi2dvi’ on ‘sandwich-CL.tex’ failed.
    LaTeX errors:
    ! Undefined control sequence.
    <recently read> \Hy@colorlink
    
    l.71 \begin{document}
    
    ! Undefined control sequence.
    \close@pdflink ->\Hy@endcolorlink
     \Hy@VerboseLinkStop \pdfendlink
    l.71 \begin{document}
    
    ! Undefined control sequence.
    <recently read> \Hy@colorlink
    
    l.71 \begin{document}
    
    ! Undefined control sequence.
    \close@pdflink ->\Hy@endcolorlink
     \Hy@VerboseLinkStop \pdfendlink
    l.71 \begin{document}
    
    --- failed re-building ‘sandwich-CL.Rnw’
    
    --- re-building ‘sandwich-OOP.Rnw’ using Sweave
    Loading required package: car
    Loading required package: carData
    Loading required package: lmtest
    Loading required package: zoo
    
    Attaching package: ‘zoo’
    
    The following objects are masked from ‘package:base’:
    
     as.Date, as.Date.numeric
    
    Loading required package: sandwich
    Loading required package: survival
    Error: processing vignette 'sandwich-OOP.Rnw' failed with diagnostics:
    Running ‘texi2dvi’ on ‘sandwich-OOP.tex’ failed.
    LaTeX errors:
    ! Undefined control sequence.
    <recently read> \Hy@colorlink
    
    l.46 \begin{document}
    
    ! Undefined control sequence.
    \close@pdflink ->\Hy@endcolorlink
     \Hy@VerboseLinkStop \pdfendlink
    l.46 \begin{document}
    
    ! Undefined control sequence.
    <recently read> \Hy@colorlink
    
    l.46 \begin{document}
    
    ! Undefined control sequence.
    \close@pdflink ->\Hy@endcolorlink
     \Hy@VerboseLinkStop \pdfendlink
    l.46 \begin{document}
    
    --- failed re-building ‘sandwich-OOP.Rnw’
    
    --- re-building ‘sandwich.Rnw’ using Sweave
    
    Attaching package: ‘zoo’
    
    The following objects are masked from ‘package:base’:
    
     as.Date, as.Date.numeric
    
    Error: processing vignette 'sandwich.Rnw' failed with diagnostics:
    Running ‘texi2dvi’ on ‘sandwich.tex’ failed.
    LaTeX errors:
    ! Undefined control sequence.
    <recently read> \Hy@colorlink
    
    l.52 \begin{document}
    
    ! Undefined control sequence.
    \close@pdflink ->\Hy@endcolorlink
     \Hy@VerboseLinkStop \pdfendlink
    l.52 \begin{document}
    
    ! Undefined control sequence.
    <recently read> \Hy@colorlink
    
    l.52 \begin{document}
    
    ! Undefined control sequence.
    \close@pdflink ->\Hy@endcolorlink
     \Hy@VerboseLinkStop \pdfendlink
    l.52 \begin{document}
    
    ! Undefined control sequence.
    <recently read> \Hy@colorlink
    
    l.52 \begin{document}
    
    ! Undefined control sequence.
    \close@pdflink ->\Hy@endcolorlink
     \Hy@VerboseLinkStop \pdfendlink
    l.52 \begin{document}
    
    ! Undefined control sequence.
    <recently read> \Hy@colorlink
    
    l.52 \begin{document}
    
    ! Undefined control sequence.
    \close@pdflink ->\Hy@endcolorlink
     \Hy@VerboseLinkStop \pdfendlink
    l.52 \begin{document}
    
    --- failed re-building ‘sandwich.Rnw’
    
    SUMMARY: processing the following files failed:
     ‘sandwich-CL.Rnw’ ‘sandwich-OOP.Rnw’ ‘sandwich.Rnw’
    
    Error: Vignette re-building failed.
    Execution halted
Flavor: r-release-linux-x86_64