CRAN Package Check Results for Package salso

Last updated on 2021-10-23 19:52:21 CEST.

Flavor Version Tinstall Tcheck Ttotal Status Flags
r-devel-linux-x86_64-debian-clang 0.2.23 4.39 33.67 38.06 OK
r-devel-linux-x86_64-debian-gcc 0.2.23 3.65 26.40 30.05 OK
r-devel-linux-x86_64-fedora-clang 0.2.23 297.75 OK
r-devel-linux-x86_64-fedora-gcc 0.2.23 284.62 OK
r-devel-windows-x86_64 0.2.23 9.00 55.00 64.00 OK
r-devel-windows-x86_64-gcc10-UCRT 0.2.23 OK
r-patched-linux-x86_64 0.2.23 4.54 33.00 37.54 OK
r-release-linux-x86_64 0.2.23 4.82 32.43 37.25 OK
r-release-macos-arm64 0.2.23 NOTE
r-release-macos-x86_64 0.2.23 NOTE
r-release-windows-ix86+x86_64 0.2.23 14.00 75.00 89.00 NOTE
r-oldrel-macos-x86_64 0.2.23 NOTE
r-oldrel-windows-ix86+x86_64 0.2.23 14.00 93.00 107.00 NOTE

Check Details

Version: 0.2.23
Check: installed package size
Result: NOTE
     installed size is 6.6Mb
     sub-directories of 1Mb or more:
     libs 6.4Mb
Flavors: r-release-macos-arm64, r-release-macos-x86_64, r-release-windows-ix86+x86_64, r-oldrel-macos-x86_64, r-oldrel-windows-ix86+x86_64