CRAN Package Check Results for Package sageR

Last updated on 2021-11-27 07:50:02 CET.

Flavor Version Tinstall Tcheck Ttotal Status Flags
r-devel-linux-x86_64-debian-clang 0.3.0 OK
r-devel-linux-x86_64-debian-gcc 0.3.0 4.25 44.65 48.90 OK
r-devel-linux-x86_64-fedora-clang 0.3.0 92.64 NOTE
r-devel-linux-x86_64-fedora-gcc 0.3.0 80.83 NOTE
r-devel-windows-x86_64-new-UL 0.3.0 15.00 108.00 123.00 OK
r-devel-windows-x86_64-new-TK 0.3.0 NOTE
r-devel-windows-x86_64-old 0.3.0 8.00 92.00 100.00 OK
r-patched-linux-x86_64 0.3.0 5.47 55.69 61.16 OK
r-patched-solaris-x86 0.3.0 107.70 NOTE
r-release-linux-x86_64 0.3.0 OK
r-release-macos-arm64 0.3.0 NOTE
r-release-macos-x86_64 0.3.0 NOTE
r-release-windows-ix86+x86_64 0.3.0 15.00 79.00 94.00 OK
r-oldrel-macos-x86_64 0.3.0 NOTE
r-oldrel-windows-ix86+x86_64 0.3.0 20.00 83.00 103.00 OK

Check Details

Version: 0.3.0
Check: data for non-ASCII characters
Result: NOTE
     Note: found 91 marked UTF-8 strings
Flavors: r-devel-linux-x86_64-fedora-clang, r-devel-linux-x86_64-fedora-gcc, r-devel-windows-x86_64-new-TK, r-patched-solaris-x86, r-release-macos-arm64, r-release-macos-x86_64, r-oldrel-macos-x86_64