CRAN Package Check Results for Package safetyGraphics

Last updated on 2021-03-01 19:48:12 CET.

Flavor Version Tinstall Tcheck Ttotal Status Flags
r-devel-linux-x86_64-debian-clang 1.1.0 OK
r-devel-linux-x86_64-debian-gcc 1.1.0 6.09 87.05 93.14 OK
r-devel-linux-x86_64-fedora-clang 1.1.0 149.12 NOTE
r-devel-linux-x86_64-fedora-gcc 1.1.0 139.38 NOTE
r-devel-windows-ix86+x86_64 1.1.0 15.00 116.00 131.00 OK
r-patched-linux-x86_64 1.1.0 7.13 112.85 119.98 OK
r-patched-solaris-x86 1.1.0 198.80 NOTE
r-release-linux-x86_64 1.1.0 8.51 111.13 119.64 OK
r-release-macos-x86_64 1.1.0 NOTE
r-release-windows-ix86+x86_64 1.1.0 21.00 162.00 183.00 OK
r-oldrel-macos-x86_64 1.1.0 NOTE
r-oldrel-windows-ix86+x86_64 1.1.0 13.00 127.00 140.00 OK

Check Details

Version: 1.1.0
Check: dependencies in R code
Result: NOTE
    Namespace in Imports field not imported from: ‘shinybusy’
     All declared Imports should be used.
Flavors: r-devel-linux-x86_64-fedora-clang, r-devel-linux-x86_64-fedora-gcc, r-patched-solaris-x86, r-release-macos-x86_64, r-oldrel-macos-x86_64

Version: 1.1.0
Check: installed package size
Result: NOTE
     installed size is 5.2Mb
     sub-directories of 1Mb or more:
     doc 3.3Mb
     htmlwidgets 1.2Mb
Flavor: r-patched-solaris-x86