Last updated on 2023-03-23 19:50:26 CET.
Flavor | Version | Tinstall | Tcheck | Ttotal | Status | Flags |
---|---|---|---|---|---|---|
r-devel-linux-x86_64-debian-clang | 1.0.0 | 25.82 | 197.69 | 223.51 | OK | |
r-devel-linux-x86_64-debian-gcc | 1.0.0 | 18.59 | 152.08 | 170.67 | OK | |
r-devel-linux-x86_64-fedora-clang | 1.0.0 | 309.10 | NOTE | |||
r-devel-linux-x86_64-fedora-gcc | 1.0.0 | 305.15 | NOTE | |||
r-patched-linux-x86_64 | 1.0.0 | 28.32 | 188.45 | 216.77 | OK | |
r-release-linux-x86_64 | 1.0.0 | 15.81 | 191.82 | 207.63 | OK | |
r-release-macos-arm64 | 1.0.0 | 125.00 | NOTE | |||
r-release-macos-x86_64 | 1.0.0 | 172.00 | NOTE | |||
r-release-windows-x86_64 | 1.0.0 | 52.00 | 272.00 | 324.00 | OK | |
r-oldrel-macos-arm64 | 1.0.0 | 100.00 | NOTE | |||
r-oldrel-macos-x86_64 | 1.0.0 | 161.00 | NOTE | |||
r-oldrel-windows-ix86+x86_64 | 1.0.0 | 46.00 | 230.00 | 276.00 | OK |
Version: 1.0.0
Check: data for non-ASCII characters
Result: NOTE
Note: found 63 marked Latin-1 strings
Flavors: r-devel-linux-x86_64-fedora-clang, r-devel-linux-x86_64-fedora-gcc, r-release-macos-arm64, r-release-macos-x86_64, r-oldrel-macos-arm64, r-oldrel-macos-x86_64