Last updated on 2022-05-18 03:53:48 CEST.
Flavor | Version | Tinstall | Tcheck | Ttotal | Status | Flags |
---|---|---|---|---|---|---|
r-devel-linux-x86_64-debian-clang | 0.2.1 | 6.59 | 64.87 | 71.46 | OK | |
r-devel-linux-x86_64-debian-gcc | 0.2.1 | 4.84 | 47.66 | 52.50 | OK | |
r-devel-linux-x86_64-fedora-clang | 0.2.1 | 86.69 | NOTE | |||
r-devel-linux-x86_64-fedora-gcc | 0.2.1 | 79.91 | OK | |||
r-devel-windows-x86_64 | 0.2.1 | 20.00 | 76.00 | 96.00 | OK | |
r-patched-linux-x86_64 | 0.2.1 | 6.55 | 59.82 | 66.37 | OK | |
r-release-linux-x86_64 | 0.2.1 | 4.33 | 60.04 | 64.37 | OK | |
r-release-macos-arm64 | 0.2.1 | 25.00 | OK | |||
r-release-macos-x86_64 | 0.2.1 | 40.00 | OK | |||
r-release-windows-x86_64 | 0.2.1 | 24.00 | 79.00 | 103.00 | OK | |
r-oldrel-macos-arm64 | 0.2.1 | 24.00 | OK | |||
r-oldrel-macos-x86_64 | 0.2.1 | 33.00 | OK | |||
r-oldrel-windows-ix86+x86_64 | 0.2.1 | 17.00 | 69.00 | 86.00 | OK |
Version: 0.2.1
Check: Rd cross-references
Result: NOTE
Undeclared package ‘jsonlite’ in Rd xrefs
Flavor: r-devel-linux-x86_64-fedora-clang