CRAN Package Check Results for Package ryandexdirect

Last updated on 2021-03-01 19:48:12 CET.

Flavor Version Tinstall Tcheck Ttotal Status Flags
r-devel-linux-x86_64-debian-clang 3.6.0 OK
r-devel-linux-x86_64-debian-gcc 3.6.0 7.38 52.95 60.33 OK
r-devel-linux-x86_64-fedora-clang 3.6.0 100.19 NOTE
r-devel-linux-x86_64-fedora-gcc 3.6.0 92.64 OK
r-devel-windows-ix86+x86_64 3.6.0 14.00 71.00 85.00 OK
r-patched-linux-x86_64 3.6.0 8.26 66.58 74.84 OK
r-patched-solaris-x86 3.6.0 127.90 NOTE
r-release-linux-x86_64 3.6.0 7.67 65.23 72.90 OK
r-release-macos-x86_64 3.6.0 OK
r-release-windows-ix86+x86_64 3.6.0 19.00 95.00 114.00 OK
r-oldrel-macos-x86_64 3.6.0 OK
r-oldrel-windows-ix86+x86_64 3.6.0 11.00 91.00 102.00 OK

Check Details

Version: 3.6.0
Check: Rd cross-references
Result: NOTE
    Undeclared package ‘rym’ in Rd xrefs
Flavor: r-devel-linux-x86_64-fedora-clang

Version: 3.6.0
Check: installed package size
Result: NOTE
     installed size is 5.0Mb
     sub-directories of 1Mb or more:
     doc 4.5Mb
Flavor: r-patched-solaris-x86