CRAN Package Check Results for Package rxylib

Last updated on 2021-06-15 19:53:06 CEST.

Flavor Version Tinstall Tcheck Ttotal Status Flags
r-devel-linux-x86_64-debian-clang 0.2.6 120.33 29.63 149.96 OK
r-devel-linux-x86_64-debian-gcc 0.2.6 82.49 23.57 106.06 OK
r-devel-linux-x86_64-fedora-clang 0.2.6 240.98 NOTE
r-devel-linux-x86_64-fedora-gcc 0.2.6 190.74 OK
r-devel-windows-x86_64 0.2.6 143.00 64.00 207.00 OK
r-devel-windows-x86_64-gcc10-UCRT 0.2.6 OK
r-patched-linux-x86_64 0.2.6 98.72 29.48 128.20 OK
r-patched-solaris-x86 0.2.6 178.10 OK
r-release-linux-x86_64 0.2.6 101.21 29.18 130.39 OK
r-release-macos-arm64 0.2.6 NOTE
r-release-macos-x86_64 0.2.6 NOTE
r-release-windows-ix86+x86_64 0.2.6 274.00 68.00 342.00 OK
r-oldrel-macos-x86_64 0.2.6 NOTE
r-oldrel-windows-ix86+x86_64 0.2.6 218.00 80.00 298.00 OK

Check Details

Version: 0.2.6
Check: installed package size
Result: NOTE
     installed size is 8.3Mb
     sub-directories of 1Mb or more:
     libs 7.9Mb
Flavors: r-devel-linux-x86_64-fedora-clang, r-release-macos-arm64, r-release-macos-x86_64, r-oldrel-macos-x86_64