Last updated on 2023-03-21 07:54:22 CET.
Flavor | Version | Tinstall | Tcheck | Ttotal | Status | Flags |
---|---|---|---|---|---|---|
r-devel-linux-x86_64-debian-clang | 2.0.9 | NOTE | ||||
r-devel-linux-x86_64-debian-gcc | 2.0.10 | 74.49 | 52.33 | 126.82 | OK | |
r-devel-linux-x86_64-fedora-clang | 2.0.10 | 239.14 | OK | |||
r-devel-linux-x86_64-fedora-gcc | 2.0.10 | 223.25 | OK | |||
r-patched-linux-x86_64 | 2.0.10 | 75.04 | 64.45 | 139.49 | OK | |
r-release-linux-x86_64 | 2.0.10 | 75.01 | 65.17 | 140.18 | OK | |
r-release-macos-arm64 | 2.0.10 | 50.00 | NOTE | |||
r-release-macos-x86_64 | 2.0.10 | 76.00 | NOTE | |||
r-release-windows-x86_64 | 2.0.10 | 51.00 | 122.00 | 173.00 | OK | |
r-oldrel-macos-arm64 | 2.0.10 | 49.00 | NOTE | |||
r-oldrel-macos-x86_64 | 2.0.10 | 78.00 | NOTE | |||
r-oldrel-windows-ix86+x86_64 | 2.0.10 | 17.00 | 21.00 | 38.00 | ERROR |
Version: 2.0.9
Check: C++ specification
Result: NOTE
Specified C++14: please drop specification unless essential
Flavor: r-devel-linux-x86_64-debian-clang
Version: 2.0.10
Check: installed package size
Result: NOTE
installed size is 7.0Mb
sub-directories of 1Mb or more:
libs 6.8Mb
Flavors: r-release-macos-arm64, r-release-macos-x86_64, r-oldrel-macos-arm64, r-oldrel-macos-x86_64
Version: 2.0.10
Check: package dependencies
Result: ERROR
Package required and available but unsuitable version: 'rxode2parse'
See section 'The DESCRIPTION file' in the 'Writing R Extensions'
manual.
Flavor: r-oldrel-windows-ix86+x86_64