CRAN Package Check Results for Package rwt

Last updated on 2021-01-26 15:49:56 CET.

Flavor Version Tinstall Tcheck Ttotal Status Flags
r-devel-linux-x86_64-debian-clang 1.0.0 5.97 31.97 37.94 NOTE
r-devel-linux-x86_64-debian-gcc 1.0.0 3.69 24.37 28.06 NOTE
r-devel-linux-x86_64-fedora-clang 1.0.0 54.37 NOTE
r-devel-linux-x86_64-fedora-gcc 1.0.0 43.35 NOTE
r-devel-windows-ix86+x86_64 1.0.0 18.00 47.00 65.00 NOTE
r-patched-linux-x86_64 1.0.0 4.29 30.32 34.61 NOTE
r-patched-solaris-x86 1.0.0 64.00 NOTE
r-release-linux-x86_64 1.0.0 4.44 30.10 34.54 NOTE
r-release-macos-x86_64 1.0.0 NOTE
r-release-windows-ix86+x86_64 1.0.0 17.00 48.00 65.00 NOTE
r-oldrel-macos-x86_64 1.0.0 NOTE
r-oldrel-windows-ix86+x86_64 1.0.0 17.00 67.00 84.00 NOTE

Additional issues

rchk

Check Details

Version: 1.0.0
Check: R code for possible problems
Result: NOTE
    .dwt: no visible global function definition for 'median'
    .udwt: no visible global function definition for 'median'
    plotSignalTransformation: no visible global function definition for
     'box'
    plotSignalTransformation: no visible global function definition for
     'axis'
    plotSignalTransformation: no visible global function definition for
     'lines'
    plotSignalTransformation: no visible global function definition for
     'legend'
    Undefined global functions or variables:
     axis box legend lines median
    Consider adding
     importFrom("graphics", "axis", "box", "legend", "lines")
     importFrom("stats", "median")
    to your NAMESPACE file.
Flavors: r-devel-linux-x86_64-debian-clang, r-devel-linux-x86_64-debian-gcc, r-devel-linux-x86_64-fedora-clang, r-devel-linux-x86_64-fedora-gcc, r-devel-windows-ix86+x86_64, r-patched-linux-x86_64, r-patched-solaris-x86, r-release-linux-x86_64, r-release-macos-x86_64, r-release-windows-ix86+x86_64

Version: 1.0.0
Check: R code for possible problems
Result: NOTE
    .dwt: no visible global function definition for ‘median’
    .udwt: no visible global function definition for ‘median’
    plotSignalTransformation: no visible global function definition for
     ‘plot’
    plotSignalTransformation: no visible global function definition for
     ‘box’
    plotSignalTransformation: no visible global function definition for
     ‘axis’
    plotSignalTransformation: no visible global function definition for
     ‘lines’
    plotSignalTransformation: no visible global function definition for
     ‘legend’
    Undefined global functions or variables:
     axis box legend lines median plot
    Consider adding
     importFrom("graphics", "axis", "box", "legend", "lines", "plot")
     importFrom("stats", "median")
    to your NAMESPACE file.
Flavors: r-oldrel-macos-x86_64, r-oldrel-windows-ix86+x86_64