CRAN Package Check Results for Package ruv

Last updated on 2024-06-24 08:50:07 CEST.

Flavor Version Tinstall Tcheck Ttotal Status Flags
r-devel-linux-x86_64-debian-clang 0.9.7.1 9.97 72.62 82.59 NOTE
r-devel-linux-x86_64-debian-gcc 0.9.7.1 8.74 54.75 63.49 NOTE
r-devel-linux-x86_64-fedora-clang 0.9.7.1 104.01 NOTE
r-devel-linux-x86_64-fedora-gcc 0.9.7.1 101.69 NOTE
r-devel-windows-x86_64 0.9.7.1 15.00 73.00 88.00 NOTE
r-patched-linux-x86_64 0.9.7.1 10.87 72.24 83.11 NOTE
r-release-linux-x86_64 0.9.7.1 10.75 71.67 82.42 NOTE
r-release-macos-arm64 0.9.7.1 32.00 NOTE
r-release-macos-x86_64 0.9.7.1 47.00 NOTE
r-release-windows-x86_64 0.9.7.1 15.00 74.00 89.00 NOTE
r-oldrel-macos-arm64 0.9.7.1 31.00 OK
r-oldrel-macos-x86_64 0.9.7.1 43.00 OK
r-oldrel-windows-x86_64 0.9.7.1 19.00 88.00 107.00 OK

Check Details

Version: 0.9.7.1
Check: Rd files
Result: NOTE checkRd: (-1) RUVIII.Rd:51: Lost braces 51 | If code{return.info} is \code{TRUE}, a list is returned that contains: | ^ Flavors: r-devel-linux-x86_64-debian-clang, r-devel-linux-x86_64-debian-gcc, r-devel-linux-x86_64-fedora-clang, r-devel-linux-x86_64-fedora-gcc, r-devel-windows-x86_64, r-patched-linux-x86_64, r-release-linux-x86_64, r-release-macos-arm64, r-release-macos-x86_64, r-release-windows-x86_64