CRAN Package Check Results for Package ruler

Last updated on 2024-12-21 03:50:49 CET.

Flavor Version Tinstall Tcheck Ttotal Status Flags
r-devel-linux-x86_64-debian-clang 0.3.0 3.59 59.07 62.66 NOTE
r-devel-linux-x86_64-debian-gcc 0.3.0 3.08 42.47 45.55 NOTE
r-devel-linux-x86_64-fedora-clang 0.3.0 100.49 NOTE
r-devel-linux-x86_64-fedora-gcc 0.3.0 105.67 NOTE
r-devel-windows-x86_64 0.3.0 6.00 81.00 87.00 NOTE
r-patched-linux-x86_64 0.3.0 4.34 53.24 57.58 NOTE
r-release-linux-x86_64 0.3.0 4.69 55.63 60.32 NOTE
r-release-macos-arm64 0.3.0 38.00 NOTE
r-release-macos-x86_64 0.3.0 99.00 NOTE
r-release-windows-x86_64 0.3.0 6.00 77.00 83.00 NOTE
r-oldrel-macos-arm64 0.3.0 39.00 OK
r-oldrel-macos-x86_64 0.3.0 59.00 OK
r-oldrel-windows-x86_64 0.3.0 8.00 91.00 99.00 OK

Check Details

Version: 0.3.0
Check: Rd files
Result: NOTE checkRd: (-1) rules.Rd:24: Lost braces; missing escapes or markup? 24 | \item Absent names are replaced with the 'rule__\\{ind\\}' where \\{ind\\} is the | ^ checkRd: (-1) rules.Rd:24: Lost braces; missing escapes or markup? 24 | \item Absent names are replaced with the 'rule__\\{ind\\}' where \\{ind\\} is the | ^ Flavors: r-devel-linux-x86_64-debian-clang, r-devel-linux-x86_64-debian-gcc, r-devel-linux-x86_64-fedora-clang, r-devel-linux-x86_64-fedora-gcc, r-devel-windows-x86_64, r-patched-linux-x86_64, r-release-linux-x86_64, r-release-macos-arm64, r-release-macos-x86_64, r-release-windows-x86_64