CRAN Package Check Results for Package rugarch

Last updated on 2021-01-20 23:49:52 CET.

Flavor Version Tinstall Tcheck Ttotal Status Flags
r-devel-linux-x86_64-debian-clang 1.4-4 101.32 342.25 443.57 OK
r-devel-linux-x86_64-debian-gcc 1.4-4 79.62 253.09 332.71 OK
r-devel-linux-x86_64-fedora-clang 1.4-4 535.54 NOTE
r-devel-linux-x86_64-fedora-gcc 1.4-4 527.21 OK
r-devel-windows-ix86+x86_64 1.4-4 121.00 344.00 465.00 NOTE
r-patched-linux-x86_64 1.4-4 95.32 304.20 399.52 OK
r-patched-solaris-x86 1.4-4 560.30 NOTE
r-release-linux-x86_64 1.4-4 94.51 308.26 402.77 OK
r-release-macos-x86_64 1.4-4 NOTE
r-release-windows-ix86+x86_64 1.4-4 171.00 387.00 558.00 NOTE
r-oldrel-macos-x86_64 1.4-4 NOTE
r-oldrel-windows-ix86+x86_64 1.4-4 116.00 279.00 395.00 NOTE

Check Details

Version: 1.4-4
Check: installed package size
Result: NOTE
     installed size is 7.6Mb
     sub-directories of 1Mb or more:
     R 3.0Mb
     libs 2.3Mb
Flavors: r-devel-linux-x86_64-fedora-clang, r-devel-windows-ix86+x86_64, r-patched-solaris-x86, r-release-macos-x86_64, r-release-windows-ix86+x86_64, r-oldrel-macos-x86_64, r-oldrel-windows-ix86+x86_64