Last updated on 2021-02-25 19:46:46 CET.
Flavor | Version | Tinstall | Tcheck | Ttotal | Status | Flags |
---|---|---|---|---|---|---|
r-devel-linux-x86_64-debian-clang | 0.3.2 | 101.46 | 201.35 | 302.81 | NOTE | |
r-devel-linux-x86_64-debian-gcc | 0.3.2 | 64.21 | 149.72 | 213.93 | NOTE | |
r-devel-linux-x86_64-fedora-clang | 0.3.2 | 413.43 | NOTE | |||
r-devel-linux-x86_64-fedora-gcc | 0.3.2 | 388.00 | NOTE | |||
r-devel-windows-ix86+x86_64 | 0.3.2 | 170.00 | 232.00 | 402.00 | NOTE | |
r-patched-linux-x86_64 | 0.3.2 | 78.99 | 199.90 | 278.89 | NOTE | |
r-patched-solaris-x86 | 0.3.2 | 477.20 | NOTE | |||
r-release-linux-x86_64 | 0.3.2 | 77.87 | 198.47 | 276.34 | NOTE | |
r-release-macos-x86_64 | 0.3.2 | NOTE | ||||
r-release-windows-ix86+x86_64 | 0.3.2 | 240.00 | 306.00 | 546.00 | NOTE | |
r-oldrel-macos-x86_64 | 0.3.2 | NOTE | ||||
r-oldrel-windows-ix86+x86_64 | 0.3.2 | 176.00 | 306.00 | 482.00 | NOTE |
Version: 0.3.2
Check: for GNU extensions in Makefiles
Result: NOTE
GNU make is a SystemRequirements.
Flavors: r-devel-linux-x86_64-debian-clang, r-devel-linux-x86_64-debian-gcc, r-devel-linux-x86_64-fedora-clang, r-devel-linux-x86_64-fedora-gcc, r-devel-windows-ix86+x86_64, r-patched-linux-x86_64, r-patched-solaris-x86, r-release-linux-x86_64, r-release-macos-x86_64, r-release-windows-ix86+x86_64, r-oldrel-macos-x86_64, r-oldrel-windows-ix86+x86_64
Version: 0.3.2
Check: installed package size
Result: NOTE
installed size is 5.8Mb
sub-directories of 1Mb or more:
libs 4.1Mb
Flavor: r-devel-linux-x86_64-fedora-clang