CRAN Package Check Results for Package rticulate

Last updated on 2021-09-22 07:51:37 CEST.

Flavor Version Tinstall Tcheck Ttotal Status Flags
r-devel-linux-x86_64-debian-clang 1.7.2 5.81 71.36 77.17 OK
r-devel-linux-x86_64-debian-gcc 1.7.2 4.08 53.55 57.63 OK
r-devel-linux-x86_64-fedora-clang 1.7.2 96.21 NOTE
r-devel-linux-x86_64-fedora-gcc 1.7.2 86.90 NOTE
r-devel-windows-x86_64 1.7.2 8.00 76.00 84.00 OK
r-devel-windows-x86_64-gcc10-UCRT 1.7.2 ERROR
r-patched-linux-x86_64 1.7.2 5.38 77.10 82.48 OK
r-patched-solaris-x86 1.7.2 152.30 NOTE
r-release-linux-x86_64 1.7.2 5.12 76.36 81.48 OK
r-release-macos-arm64 1.7.2 NOTE
r-release-macos-x86_64 1.7.2 NOTE
r-release-windows-ix86+x86_64 1.7.2 14.00 79.00 93.00 OK
r-oldrel-macos-x86_64 1.7.2 NOTE
r-oldrel-windows-ix86+x86_64 1.7.2 13.00 78.00 91.00 OK

Check Details

Version: 1.7.2
Check: dependencies in R code
Result: NOTE
    Namespaces in Imports field not imported from:
     ‘stringr’ ‘tidyverse’
     All declared Imports should be used.
Flavors: r-devel-linux-x86_64-fedora-clang, r-devel-linux-x86_64-fedora-gcc, r-patched-solaris-x86, r-release-macos-arm64, r-release-macos-x86_64, r-oldrel-macos-x86_64

Version: 1.7.2
Check: package dependencies
Result: ERROR
    Package required but not available: 'tidyverse'
    
    See section 'The DESCRIPTION file' in the 'Writing R Extensions'
    manual.
Flavor: r-devel-windows-x86_64-gcc10-UCRT