Last updated on 2023-04-01 11:51:40 CEST.
Flavor | Version | Tinstall | Tcheck | Ttotal | Status | Flags |
---|---|---|---|---|---|---|
r-devel-linux-x86_64-debian-clang | 0.24 | 4.93 | 37.37 | 42.30 | NOTE | |
r-devel-linux-x86_64-debian-gcc | 0.24 | 4.05 | 29.67 | 33.72 | NOTE | |
r-devel-linux-x86_64-fedora-clang | 0.24 | 53.23 | NOTE | |||
r-devel-linux-x86_64-fedora-gcc | 0.24 | 52.43 | NOTE | |||
r-patched-linux-x86_64 | 0.24 | 5.17 | 37.54 | 42.71 | NOTE | |
r-release-linux-x86_64 | 0.24 | 5.43 | 37.48 | 42.91 | NOTE | |
r-release-macos-arm64 | 0.24 | 23.00 | NOTE | |||
r-release-macos-x86_64 | 0.24 | 30.00 | NOTE | |||
r-release-windows-x86_64 | 0.24 | 294.00 | 81.00 | 375.00 | NOTE | |
r-oldrel-macos-arm64 | 0.24 | 26.00 | NOTE | |||
r-oldrel-macos-x86_64 | 0.24 | 36.00 | NOTE | |||
r-oldrel-windows-ix86+x86_64 | 0.24 | 12.00 | 63.00 | 75.00 | NOTE |
Version: 0.24
Check: for GNU extensions in Makefiles
Result: NOTE
GNU make is a SystemRequirements.
Flavors: r-devel-linux-x86_64-debian-clang, r-devel-linux-x86_64-debian-gcc, r-devel-linux-x86_64-fedora-clang, r-devel-linux-x86_64-fedora-gcc, r-patched-linux-x86_64, r-release-linux-x86_64, r-release-macos-arm64, r-release-macos-x86_64, r-release-windows-x86_64, r-oldrel-macos-arm64, r-oldrel-macos-x86_64, r-oldrel-windows-ix86+x86_64
Version: 0.24
Check: installed package size
Result: NOTE
installed size is 7.5Mb
sub-directories of 1Mb or more:
rmarkdown 7.3Mb
Flavors: r-devel-linux-x86_64-fedora-clang, r-release-macos-arm64, r-release-macos-x86_64, r-release-windows-x86_64, r-oldrel-macos-arm64, r-oldrel-macos-x86_64, r-oldrel-windows-ix86+x86_64