Last updated on 2023-02-08 23:57:22 CET.
Flavor | Version | Tinstall | Tcheck | Ttotal | Status | Flags |
---|---|---|---|---|---|---|
r-devel-linux-x86_64-debian-clang | 0.4-14.1 | 3.67 | 50.15 | 53.82 | NOTE | |
r-devel-linux-x86_64-debian-gcc | 0.4-14.1 | 2.72 | 38.02 | 40.74 | NOTE | |
r-devel-linux-x86_64-fedora-clang | 0.4-14.1 | 68.16 | NOTE | |||
r-devel-linux-x86_64-fedora-gcc | 0.4-14.1 | 77.12 | NOTE | |||
r-devel-windows-x86_64 | 0.4-14.1 | 18.00 | 99.00 | 117.00 | OK | |
r-patched-linux-x86_64 | 0.4-14.1 | 4.11 | 46.73 | 50.84 | NOTE | |
r-release-linux-x86_64 | 0.4-14.1 | 2.60 | 49.41 | 52.01 | NOTE | |
r-release-macos-arm64 | 0.4-14.1 | 29.00 | OK | |||
r-release-macos-x86_64 | 0.4-14.1 | 41.00 | OK | |||
r-release-windows-x86_64 | 0.4-14.1 | 23.00 | 98.00 | 121.00 | OK | |
r-oldrel-macos-arm64 | 0.4-14.1 | 34.00 | OK | |||
r-oldrel-macos-x86_64 | 0.4-14.1 | 53.00 | OK | |||
r-oldrel-windows-ix86+x86_64 | 0.4-14.1 | 7.00 | 78.00 | 85.00 | OK |
Version: 0.4-14.1
Check: for non-standard things in the check directory
Result: NOTE
Found the following files/directories:
‘test_addPageBreak.doc’ ‘test_addPlot.doc’ ‘test_addSessionInfo.doc’
‘test_addTable.doc’
Flavors: r-devel-linux-x86_64-debian-clang, r-devel-linux-x86_64-debian-gcc, r-devel-linux-x86_64-fedora-clang, r-devel-linux-x86_64-fedora-gcc, r-patched-linux-x86_64, r-release-linux-x86_64