Last updated on 2023-03-27 23:55:53 CEST.
Flavor | Version | Tinstall | Tcheck | Ttotal | Status | Flags |
---|---|---|---|---|---|---|
r-devel-linux-x86_64-debian-clang | 0.1.4 | 3.14 | 35.09 | 38.23 | OK | |
r-devel-linux-x86_64-debian-gcc | 0.1.4 | 2.68 | 26.84 | 29.52 | OK | |
r-devel-linux-x86_64-fedora-clang | 0.1.4 | 49.03 | OK | |||
r-devel-linux-x86_64-fedora-gcc | 0.1.4 | 45.08 | OK | |||
r-patched-linux-x86_64 | 0.1.4 | 3.06 | 32.86 | 35.92 | OK | |
r-release-linux-x86_64 | 0.1.4 | 2.80 | 34.09 | 36.89 | OK | |
r-release-macos-arm64 | 0.1.4 | 23.00 | OK | |||
r-release-macos-x86_64 | 0.1.4 | 28.00 | OK | |||
r-release-windows-x86_64 | 0.1.4 | 29.00 | 74.00 | 103.00 | OK | |
r-oldrel-macos-arm64 | 0.1.4 | 25.00 | OK | |||
r-oldrel-macos-x86_64 | 0.1.4 | 31.00 | OK | |||
r-oldrel-windows-ix86+x86_64 | 0.1.4 | 8.00 | 66.00 | 74.00 | NOTE |
Version: 0.1.4
Check: dependencies in R code
Result: NOTE
Initiating curl with CURL_SSL_BACKEND: openssl
Flavor: r-oldrel-windows-ix86+x86_64