Last updated on 2021-03-01 07:48:41 CET.
Flavor | Version | Tinstall | Tcheck | Ttotal | Status | Flags |
---|---|---|---|---|---|---|
r-devel-linux-x86_64-debian-clang | 0.1.3 | NOTE | ||||
r-devel-linux-x86_64-debian-gcc | 0.1.3 | 101.64 | 118.61 | 220.25 | NOTE | |
r-devel-linux-x86_64-fedora-clang | 0.1.3 | 361.77 | NOTE | |||
r-devel-linux-x86_64-fedora-gcc | 0.1.3 | 369.74 | NOTE | |||
r-devel-windows-ix86+x86_64 | 0.1.3 | 202.00 | 249.00 | 451.00 | NOTE | |
r-patched-linux-x86_64 | 0.1.3 | 87.75 | 153.08 | 240.83 | NOTE | |
r-patched-solaris-x86 | 0.1.3 | 397.60 | NOTE | |||
r-release-linux-x86_64 | 0.1.3 | 86.88 | 152.46 | 239.34 | NOTE | |
r-release-macos-x86_64 | 0.1.3 | NOTE | ||||
r-release-windows-ix86+x86_64 | 0.1.3 | 274.00 | 317.00 | 591.00 | NOTE | |
r-oldrel-macos-x86_64 | 0.1.3 | NOTE | ||||
r-oldrel-windows-ix86+x86_64 | 0.1.3 | 184.00 | 296.00 | 480.00 | NOTE |
Version: 0.1.3
Check: for GNU extensions in Makefiles
Result: NOTE
GNU make is a SystemRequirements.
Flavors: r-devel-linux-x86_64-debian-clang, r-devel-linux-x86_64-debian-gcc, r-devel-linux-x86_64-fedora-clang, r-devel-linux-x86_64-fedora-gcc, r-devel-windows-ix86+x86_64, r-patched-linux-x86_64, r-patched-solaris-x86, r-release-linux-x86_64, r-release-macos-x86_64, r-release-windows-ix86+x86_64, r-oldrel-macos-x86_64, r-oldrel-windows-ix86+x86_64
Version: 0.1.3
Check: installed package size
Result: NOTE
installed size is 33.3Mb
sub-directories of 1Mb or more:
libs 32.7Mb
Flavors: r-devel-linux-x86_64-fedora-clang, r-release-macos-x86_64, r-oldrel-macos-x86_64