Last updated on 2022-05-22 23:51:54 CEST.
Flavor | Version | Tinstall | Tcheck | Ttotal | Status | Flags |
---|---|---|---|---|---|---|
r-devel-linux-x86_64-debian-clang | 2.21.3 | 1467.48 | 535.97 | 2003.45 | NOTE | |
r-devel-linux-x86_64-debian-gcc | 2.21.3 | 1065.07 | 431.60 | 1496.67 | NOTE | |
r-devel-linux-x86_64-fedora-clang | 2.21.3 | 3016.25 | NOTE | |||
r-devel-linux-x86_64-fedora-gcc | 2.21.3 | 2143.66 | NOTE | |||
r-devel-windows-x86_64 | 2.21.3 | 896.00 | 216.00 | 1112.00 | NOTE | --no-examples --no-tests --no-vignettes |
r-patched-linux-x86_64 | 2.21.3 | 1180.03 | 557.34 | 1737.37 | NOTE | |
r-release-linux-x86_64 | 2.21.3 | 1150.80 | 556.81 | 1707.61 | NOTE | |
r-release-macos-arm64 | 2.21.3 | 607.00 | NOTE | |||
r-release-macos-x86_64 | 2.21.3 | 1190.00 | NOTE | |||
r-release-windows-x86_64 | 2.21.3 | 914.00 | 215.00 | 1129.00 | NOTE | --no-examples --no-tests --no-vignettes |
r-oldrel-macos-arm64 | 2.21.3 | 608.00 | NOTE | |||
r-oldrel-macos-x86_64 | 2.21.3 | 949.00 | NOTE | |||
r-oldrel-windows-ix86+x86_64 | 2.21.3 | 2203.00 | 355.00 | 2558.00 | NOTE | --no-examples --no-tests --no-vignettes |
Version: 2.21.3
Check: for GNU extensions in Makefiles
Result: NOTE
GNU make is a SystemRequirements.
Flavors: r-devel-linux-x86_64-debian-clang, r-devel-linux-x86_64-debian-gcc, r-devel-linux-x86_64-fedora-clang, r-devel-linux-x86_64-fedora-gcc, r-patched-linux-x86_64, r-release-linux-x86_64, r-release-macos-arm64, r-release-macos-x86_64, r-oldrel-macos-arm64, r-oldrel-macos-x86_64
Version: 2.21.3
Check: installed package size
Result: NOTE
installed size is 160.0Mb
sub-directories of 1Mb or more:
R 1.6Mb
doc 4.8Mb
libs 152.8Mb
Flavors: r-devel-linux-x86_64-fedora-clang, r-release-macos-arm64, r-release-macos-x86_64, r-oldrel-macos-arm64, r-oldrel-macos-x86_64
Version: 2.21.3
Check: dependencies in R code
Result: NOTE
Namespace in Imports field not imported from: ‘RcppParallel’
All declared Imports should be used.
Flavors: r-devel-linux-x86_64-fedora-clang, r-devel-linux-x86_64-fedora-gcc, r-release-macos-arm64, r-release-macos-x86_64, r-oldrel-macos-arm64, r-oldrel-macos-x86_64
Version: 2.21.3
Check: Rd cross-references
Result: NOTE
Undeclared packages ‘gamm4’, ‘shiny’ in Rd xrefs
Flavor: r-devel-linux-x86_64-fedora-clang
Version: 2.21.3
Flags: --no-examples --no-tests --no-vignettes
Check: installed package size
Result: NOTE
installed size is 16.0Mb
sub-directories of 1Mb or more:
R 1.6Mb
doc 4.8Mb
libs 8.9Mb
Flavors: r-devel-windows-x86_64, r-release-windows-x86_64, r-oldrel-windows-ix86+x86_64
Version: 2.21.3
Flags: --no-examples --no-tests --no-vignettes
Check: for GNU extensions in Makefiles
Result: NOTE
GNU make is a SystemRequirements.
Flavors: r-devel-windows-x86_64, r-release-windows-x86_64, r-oldrel-windows-ix86+x86_64