CRAN Package Check Results for Package rscontract

Last updated on 2021-06-17 15:49:21 CEST.

Flavor Version Tinstall Tcheck Ttotal Status Flags
r-devel-linux-x86_64-debian-clang 0.1.2 2.06 22.11 24.17 NOTE
r-devel-linux-x86_64-debian-gcc 0.1.2 1.74 17.70 19.44 NOTE
r-devel-linux-x86_64-fedora-clang 0.1.2 38.33 NOTE
r-devel-linux-x86_64-fedora-gcc 0.1.2 28.35 NOTE
r-devel-windows-x86_64 0.1.2 3.00 29.00 32.00 NOTE
r-devel-windows-x86_64-gcc10-UCRT 0.1.2 NOTE
r-patched-linux-x86_64 0.1.2 2.28 21.76 24.04 NOTE
r-patched-solaris-x86 0.1.2 45.30 NOTE
r-release-linux-x86_64 0.1.2 2.02 21.75 23.77 NOTE
r-release-macos-arm64 0.1.2 NOTE
r-release-macos-x86_64 0.1.2 NOTE
r-release-windows-ix86+x86_64 0.1.2 6.00 36.00 42.00 NOTE
r-oldrel-macos-x86_64 0.1.2 OK
r-oldrel-windows-ix86+x86_64 0.1.2 5.00 37.00 42.00 OK

Check Details

Version: 0.1.2
Check: LazyData
Result: NOTE
     'LazyData' is specified without a 'data' directory
Flavors: r-devel-linux-x86_64-debian-clang, r-devel-linux-x86_64-debian-gcc, r-devel-linux-x86_64-fedora-clang, r-devel-linux-x86_64-fedora-gcc, r-devel-windows-x86_64, r-devel-windows-x86_64-gcc10-UCRT, r-patched-linux-x86_64, r-patched-solaris-x86, r-release-linux-x86_64, r-release-macos-arm64, r-release-macos-x86_64, r-release-windows-ix86+x86_64