CRAN Package Check Results for Package rsconnect

Last updated on 2021-06-21 11:52:20 CEST.

Flavor Version Tinstall Tcheck Ttotal Status Flags
r-devel-linux-x86_64-debian-clang 0.8.18 6.76 51.42 58.18 OK
r-devel-linux-x86_64-debian-gcc 0.8.18 5.16 38.90 44.06 OK
r-devel-linux-x86_64-fedora-clang 0.8.18 78.73 NOTE
r-devel-linux-x86_64-fedora-gcc 0.8.18 67.98 OK
r-devel-windows-x86_64 0.8.18 11.00 67.00 78.00 OK
r-devel-windows-x86_64-gcc10-UCRT 0.8.18 ERROR
r-patched-linux-x86_64 0.8.18 9.37 49.75 59.12 OK
r-patched-solaris-x86 0.8.18 88.80 OK
r-release-linux-x86_64 0.8.18 7.58 49.64 57.22 OK
r-release-macos-arm64 0.8.18 OK
r-release-macos-x86_64 0.8.18 OK
r-release-windows-ix86+x86_64 0.8.18 13.00 78.00 91.00 OK
r-oldrel-macos-x86_64 0.8.18 OK

Check Details

Version: 0.8.18
Check: Rd cross-references
Result: NOTE
    Undeclared packages ‘keras’, ‘tensorflow’, ‘devtools’ in Rd xrefs
Flavor: r-devel-linux-x86_64-fedora-clang

Version: 0.8.18
Check: package dependencies
Result: ERROR
    Package required but not available: 'curl'
    
    Package suggested but not available for checking: 'plumber'
    
    See section 'The DESCRIPTION file' in the 'Writing R Extensions'
    manual.
Flavor: r-devel-windows-x86_64-gcc10-UCRT