CRAN Package Check Results for Package rsatscan

Last updated on 2021-06-17 07:49:18 CEST.

Flavor Version Tinstall Tcheck Ttotal Status Flags
r-devel-linux-x86_64-debian-clang 0.3.9200 2.54 27.74 30.28 NOTE
r-devel-linux-x86_64-debian-gcc 0.3.9200 1.72 21.92 23.64 NOTE
r-devel-linux-x86_64-fedora-clang 0.3.9200 46.37 NOTE
r-devel-linux-x86_64-fedora-gcc 0.3.9200 37.57 NOTE
r-devel-windows-x86_64 0.3.9200 4.00 34.00 38.00 NOTE
r-devel-windows-x86_64-gcc10-UCRT 0.3.9200 NOTE
r-patched-linux-x86_64 0.3.9200 2.56 27.10 29.66 NOTE
r-patched-solaris-x86 0.3.9200 57.10 NOTE
r-release-linux-x86_64 0.3.9200 2.40 26.73 29.13 NOTE
r-release-macos-arm64 0.3.9200 NOTE
r-release-macos-x86_64 0.3.9200 NOTE
r-release-windows-ix86+x86_64 0.3.9200 6.00 46.00 52.00 NOTE
r-oldrel-macos-x86_64 0.3.9200 NOTE
r-oldrel-windows-ix86+x86_64 0.3.9200 5.00 44.00 49.00 NOTE

Check Details

Version: 0.3.9200
Check: R code for possible problems
Result: NOTE
    stripslash: no visible global function definition for 'tail'
    Undefined global functions or variables:
     tail
    Consider adding
     importFrom("utils", "tail")
    to your NAMESPACE file.
Flavors: r-devel-linux-x86_64-debian-clang, r-devel-linux-x86_64-debian-gcc, r-devel-linux-x86_64-fedora-clang, r-devel-linux-x86_64-fedora-gcc, r-devel-windows-x86_64, r-devel-windows-x86_64-gcc10-UCRT, r-patched-linux-x86_64, r-patched-solaris-x86, r-release-linux-x86_64, r-release-macos-arm64, r-release-macos-x86_64, r-release-windows-ix86+x86_64, r-oldrel-macos-x86_64, r-oldrel-windows-ix86+x86_64

Version: 0.3.9200
Check: package dependencies
Result: NOTE
    Package suggested but not available for checking: ‘rgdal’
Flavor: r-release-macos-arm64