CRAN Package Check Results for Package rrscale

Last updated on 2024-06-13 12:49:58 CEST.

Flavor Version Tinstall Tcheck Ttotal Status Flags
r-devel-linux-x86_64-debian-clang 1.0 3.16 56.55 59.71 NOTE
r-devel-linux-x86_64-debian-gcc 1.0 0.32 1.86 2.18 ERROR
r-devel-linux-x86_64-fedora-clang 1.0 74.90 NOTE
r-devel-linux-x86_64-fedora-gcc 1.0 84.59 NOTE
r-devel-windows-x86_64 1.0 4.00 59.00 63.00 NOTE
r-patched-linux-x86_64 1.0 2.09 53.02 55.11 NOTE
r-release-linux-x86_64 1.0 1.93 53.24 55.17 NOTE
r-release-macos-arm64 1.0 31.00 NOTE
r-release-macos-x86_64 1.0 50.00 NOTE
r-release-windows-x86_64 1.0 4.00 63.00 67.00 NOTE
r-oldrel-macos-arm64 1.0 29.00 NOTE
r-oldrel-macos-x86_64 1.0 51.00 NOTE
r-oldrel-windows-x86_64 1.0 4.00 64.00 68.00 NOTE

Check Details

Version: 1.0
Check: LazyData
Result: NOTE 'LazyData' is specified without a 'data' directory Flavors: r-devel-linux-x86_64-debian-clang, r-devel-linux-x86_64-fedora-clang, r-devel-linux-x86_64-fedora-gcc, r-devel-windows-x86_64, r-patched-linux-x86_64, r-release-linux-x86_64, r-release-macos-arm64, r-release-macos-x86_64, r-release-windows-x86_64, r-oldrel-macos-arm64, r-oldrel-macos-x86_64, r-oldrel-windows-x86_64

Version: 1.0
Check: package dependencies
Result: ERROR Package required but not available: ‘nloptr’ Packages suggested but not available for checking: 'testthat', 'ggplot2', 'reshape2' See section ‘The DESCRIPTION file’ in the ‘Writing R Extensions’ manual. Flavor: r-devel-linux-x86_64-debian-gcc

Version: 1.0
Check: dependencies in R code
Result: NOTE Namespace in Imports field not imported from: ‘abind’ All declared Imports should be used. Flavors: r-devel-linux-x86_64-fedora-clang, r-devel-linux-x86_64-fedora-gcc