CRAN Package Check Results for Package rptR

Last updated on 2021-06-15 23:51:29 CEST.

Flavor Version Tinstall Tcheck Ttotal Status Flags
r-devel-linux-x86_64-debian-clang 0.9.22 4.38 167.03 171.41 OK
r-devel-linux-x86_64-debian-gcc 0.9.22 3.95 123.85 127.80 OK
r-devel-linux-x86_64-fedora-clang 0.9.22 207.65 NOTE
r-devel-linux-x86_64-fedora-gcc 0.9.22 201.40 NOTE
r-devel-windows-x86_64 0.9.22 7.00 221.00 228.00 OK
r-devel-windows-x86_64-gcc10-UCRT 0.9.22 NOTE
r-patched-linux-x86_64 0.9.22 8.99 163.58 172.57 OK
r-patched-solaris-x86 0.9.22 293.10 NOTE
r-release-linux-x86_64 0.9.22 4.41 161.28 165.69 OK
r-release-macos-arm64 0.9.22 NOTE
r-release-macos-x86_64 0.9.22 NOTE
r-release-windows-ix86+x86_64 0.9.22 8.00 228.00 236.00 OK
r-oldrel-macos-x86_64 0.9.22 NOTE
r-oldrel-windows-ix86+x86_64 0.9.22 14.00 218.00 232.00 OK

Check Details

Version: 0.9.22
Check: dependencies in R code
Result: NOTE
    Namespace in Imports field not imported from: ‘methods’
     All declared Imports should be used.
Flavors: r-devel-linux-x86_64-fedora-clang, r-devel-linux-x86_64-fedora-gcc, r-devel-windows-x86_64-gcc10-UCRT, r-patched-solaris-x86, r-release-macos-arm64, r-release-macos-x86_64, r-oldrel-macos-x86_64