CRAN Package Check Results for Package rprime

Last updated on 2022-05-17 11:49:50 CEST.

Flavor Version Tinstall Tcheck Ttotal Status Flags
r-devel-linux-x86_64-debian-clang 0.1.2 2.57 54.67 57.24 NOTE
r-devel-linux-x86_64-debian-gcc 0.1.2 2.57 41.94 44.51 NOTE
r-devel-linux-x86_64-fedora-clang 0.1.2 72.72 NOTE
r-devel-linux-x86_64-fedora-gcc 0.1.2 67.17 NOTE
r-devel-windows-x86_64 0.1.2 24.00 77.00 101.00 NOTE
r-patched-linux-x86_64 0.1.2 5.72 52.48 58.20 NOTE
r-release-linux-x86_64 0.1.2 3.11 53.38 56.49 NOTE
r-release-macos-arm64 0.1.2 24.00 NOTE
r-release-macos-x86_64 0.1.2 32.00 NOTE
r-release-windows-x86_64 0.1.2 16.00 79.00 95.00 NOTE
r-oldrel-macos-arm64 0.1.2 28.00 NOTE
r-oldrel-macos-x86_64 0.1.2 44.00 NOTE
r-oldrel-windows-ix86+x86_64 0.1.2 9.00 68.00 77.00 NOTE

Check Details

Version: 0.1.2
Check: LazyData
Result: NOTE
     'LazyData' is specified without a 'data' directory
Flavors: r-devel-linux-x86_64-debian-clang, r-devel-linux-x86_64-debian-gcc, r-devel-linux-x86_64-fedora-clang, r-devel-linux-x86_64-fedora-gcc, r-devel-windows-x86_64, r-patched-linux-x86_64, r-release-linux-x86_64, r-release-macos-arm64, r-release-macos-x86_64, r-release-windows-x86_64, r-oldrel-macos-arm64, r-oldrel-macos-x86_64, r-oldrel-windows-ix86+x86_64