CRAN Package Check Results for Package rpinterest

Last updated on 2021-06-19 23:49:33 CEST.

Flavor Version Tinstall Tcheck Ttotal Status Flags
r-devel-linux-x86_64-debian-clang 0.3.1 2.52 21.99 24.51 NOTE
r-devel-linux-x86_64-debian-gcc 0.3.1 1.75 17.37 19.12 NOTE
r-devel-linux-x86_64-fedora-clang 0.3.1 39.23 NOTE
r-devel-linux-x86_64-fedora-gcc 0.3.1 28.23 NOTE
r-devel-windows-x86_64 0.3.1 4.00 39.00 43.00 NOTE
r-devel-windows-x86_64-gcc10-UCRT 0.3.1 NOTE
r-patched-linux-x86_64 0.3.1 2.41 21.39 23.80 NOTE
r-patched-solaris-x86 0.3.1 44.30 NOTE
r-release-linux-x86_64 0.3.1 2.16 21.56 23.72 NOTE
r-release-macos-arm64 0.3.1 NOTE
r-release-macos-x86_64 0.3.1 NOTE
r-release-windows-ix86+x86_64 0.3.1 5.00 34.00 39.00 NOTE
r-oldrel-macos-x86_64 0.3.1 OK
r-oldrel-windows-ix86+x86_64 0.3.1 4.00 36.00 40.00 OK

Check Details

Version: 0.3.1
Check: LazyData
Result: NOTE
     'LazyData' is specified without a 'data' directory
Flavors: r-devel-linux-x86_64-debian-clang, r-devel-linux-x86_64-debian-gcc, r-devel-linux-x86_64-fedora-clang, r-devel-linux-x86_64-fedora-gcc, r-devel-windows-x86_64, r-devel-windows-x86_64-gcc10-UCRT, r-patched-linux-x86_64, r-patched-solaris-x86, r-release-linux-x86_64, r-release-macos-arm64, r-release-macos-x86_64, r-release-windows-ix86+x86_64