CRAN Package Check Results for Package rpcdsearch

Last updated on 2021-03-09 07:49:50 CET.

Flavor Version Tinstall Tcheck Ttotal Status Flags
r-devel-linux-x86_64-debian-clang 1.0 8.96 94.91 103.87 NOTE
r-devel-linux-x86_64-debian-gcc 1.0 8.43 70.60 79.03 NOTE
r-devel-linux-x86_64-fedora-clang 1.0 127.78 OK
r-devel-linux-x86_64-fedora-gcc 1.0 117.96 OK
r-devel-windows-ix86+x86_64 1.0 17.00 88.00 105.00 NOTE
r-devel-windows-x86_64-gcc10-UCRT 1.0 OK
r-patched-linux-x86_64 1.0 9.95 86.42 96.37 NOTE
r-patched-solaris-x86 1.0 133.40 OK
r-release-linux-x86_64 1.0 10.72 87.38 98.10 NOTE
r-release-macos-x86_64 1.0 OK
r-release-windows-ix86+x86_64 1.0 15.00 94.00 109.00 NOTE
r-oldrel-macos-x86_64 1.0 OK
r-oldrel-windows-ix86+x86_64 1.0 14.00 72.00 86.00 OK

Check Details

Version: 1.0
Check: package vignettes
Result: NOTE
    Package vignette with placeholder title 'Vignette Title':
     'codelists.Rmd'
Flavors: r-devel-linux-x86_64-debian-clang, r-devel-linux-x86_64-debian-gcc, r-devel-windows-ix86+x86_64, r-patched-linux-x86_64, r-release-linux-x86_64, r-release-windows-ix86+x86_64