CRAN Package Check Results for Package roundhouse

Last updated on 2021-06-20 03:48:38 CEST.

Flavor Version Tinstall Tcheck Ttotal Status Flags
r-devel-linux-x86_64-debian-clang 0.0.2 1.75 33.47 35.22 OK
r-devel-linux-x86_64-debian-gcc 0.0.2 1.37 23.62 24.99 OK
r-devel-linux-x86_64-fedora-clang 0.0.2 50.83 OK
r-devel-linux-x86_64-fedora-gcc 0.0.2 36.16 OK
r-devel-windows-x86_64 0.0.2 5.00 44.00 49.00 OK
r-devel-windows-x86_64-gcc10-UCRT 0.0.2 OK
r-patched-linux-x86_64 0.0.2 1.91 28.46 30.37 OK
r-patched-solaris-x86 0.0.2 54.10 OK
r-release-linux-x86_64 0.0.2 1.87 28.71 30.58 OK
r-release-macos-arm64 0.0.2 ERROR
r-release-macos-x86_64 0.0.2 OK
r-release-windows-ix86+x86_64 0.0.2 4.00 38.00 42.00 OK
r-oldrel-macos-x86_64 0.0.2 OK
r-oldrel-windows-ix86+x86_64 0.0.2 4.00 43.00 47.00 OK

Check Details

Version: 0.0.2
Check: tests
Result: ERROR
     Running ‘tinytest.R’ [0s/1s]
    Running the tests in ‘tests/tinytest.R’ failed.
    Complete output:
     >
     > if ( requireNamespace("tinytest", quietly = TRUE) ){
     + home <- length(unclass(packageVersion("roundhouse"))[[1L]]) == 4
     + tinytest::test_package("roundhouse", at_home = home)
     + }
    
     Running test_roundhouse.R............. 0 tests
     Running test_roundhouse.R............. 1 tests <1b>[0;32mOK<1b>[0m Loading required namespace: magick
     Fontconfig error: Cannot load default config file
     Error in magick_image_annotate(image, text, gravity, location, degrees, :
     R: NonconformingDrawingPrimitiveDefinition `text' @ error/draw.c/RenderMVGContent/4405
     Calls: <Anonymous> ... eval -> kick -> <Anonymous> -> magick_image_annotate
     Execution halted
Flavor: r-release-macos-arm64