Last updated on 2021-04-17 23:48:38 CEST.
Flavor | Version | Tinstall | Tcheck | Ttotal | Status | Flags |
---|---|---|---|---|---|---|
r-devel-linux-x86_64-debian-clang | 3.0.11 | 7.48 | 75.36 | 82.84 | NOTE | |
r-devel-linux-x86_64-debian-gcc | 3.0.11 | 6.24 | 57.66 | 63.90 | NOTE | |
r-devel-linux-x86_64-fedora-clang | 3.0.11 | 107.19 | NOTE | |||
r-devel-linux-x86_64-fedora-gcc | 3.0.11 | 97.38 | NOTE | |||
r-devel-windows-ix86+x86_64 | 3.0.11 | 17.00 | 120.00 | 137.00 | NOTE | |
r-devel-windows-x86_64-gcc10-UCRT | 3.0.11 | NOTE | ||||
r-patched-linux-x86_64 | 3.0.11 | 6.69 | 71.88 | 78.57 | OK | |
r-patched-solaris-x86 | 3.0.11 | 138.10 | OK | |||
r-release-linux-x86_64 | 3.0.11 | 6.76 | 70.90 | 77.66 | OK | |
r-release-macos-x86_64 | 3.0.11 | OK | ||||
r-release-windows-ix86+x86_64 | 3.0.11 | 24.00 | 136.00 | 160.00 | OK | |
r-oldrel-macos-x86_64 | 3.0.11 | OK | ||||
r-oldrel-windows-ix86+x86_64 | 3.0.11 | 9.00 | 133.00 | 142.00 | OK |
Version: 3.0.11
Check: LazyData
Result: NOTE
'LazyData' is specified without a 'data' directory
Flavors: r-devel-linux-x86_64-debian-clang, r-devel-linux-x86_64-debian-gcc, r-devel-linux-x86_64-fedora-clang, r-devel-linux-x86_64-fedora-gcc, r-devel-windows-ix86+x86_64, r-devel-windows-x86_64-gcc10-UCRT