CRAN Package Check Results for Package rotations

Last updated on 2024-07-14 04:52:23 CEST.

Flavor Version Tinstall Tcheck Ttotal Status Flags
r-devel-linux-x86_64-debian-clang 1.6.5 131.81 112.44 244.25 NOTE
r-devel-linux-x86_64-debian-gcc 1.6.5 93.23 82.44 175.67 NOTE
r-devel-linux-x86_64-fedora-clang 1.6.5 335.38 NOTE
r-devel-linux-x86_64-fedora-gcc 1.6.5 362.86 NOTE
r-devel-windows-x86_64 1.6.5 104.00 165.00 269.00 NOTE
r-patched-linux-x86_64 1.6.5 115.73 108.85 224.58 NOTE
r-release-linux-x86_64 1.6.5 113.48 107.77 221.25 NOTE
r-release-macos-arm64 1.6.5 80.00 NOTE
r-release-macos-x86_64 1.6.5 100.00 WARN
r-release-windows-x86_64 1.6.5 109.00 166.00 275.00 NOTE
r-oldrel-macos-arm64 1.6.5 89.00 NOTE
r-oldrel-macos-x86_64 1.6.5 140.00 NOTE
r-oldrel-windows-x86_64 1.6.5 131.00 185.00 316.00 NOTE

Check Details

Version: 1.6.5
Check: C++ specification
Result: NOTE Specified C++11: please drop specification unless essential Flavors: r-devel-linux-x86_64-debian-clang, r-devel-linux-x86_64-debian-gcc, r-devel-linux-x86_64-fedora-clang, r-devel-linux-x86_64-fedora-gcc, r-devel-windows-x86_64, r-patched-linux-x86_64, r-release-linux-x86_64, r-release-macos-arm64, r-release-macos-x86_64, r-release-windows-x86_64, r-oldrel-macos-arm64, r-oldrel-macos-x86_64, r-oldrel-windows-x86_64

Version: 1.6.5
Check: installed package size
Result: NOTE installed size is 5.9Mb sub-directories of 1Mb or more: R 2.0Mb data 2.7Mb Flavors: r-devel-linux-x86_64-fedora-clang, r-devel-windows-x86_64, r-release-macos-arm64, r-release-macos-x86_64, r-release-windows-x86_64, r-oldrel-macos-arm64, r-oldrel-macos-x86_64, r-oldrel-windows-x86_64

Version: 1.6.5
Check: re-building of vignette outputs
Result: WARN Error(s) in re-building vignettes: ... --- re-building ‘rotations-intro.Rnw’ using knitr Error: processing vignette 'rotations-intro.Rnw' failed with diagnostics: Running 'texi2dvi' on 'rotations-intro.tex' failed. LaTeX errors: ! Undefined control sequence. l.152 \hldef {r} \hlkwb{<-} \hldef{pi}\hlopt{/}\hlnum{2} ? ! Emergency stop. ! Emergency stop. l.152 End of file on the terminal! ! ==> Fatal error occurred, no output PDF file produced! --- failed re-building ‘rotations-intro.Rnw’ SUMMARY: processing the following file failed: ‘rotations-intro.Rnw’ Error: Vignette re-building failed. Execution halted Flavor: r-release-macos-x86_64