CRAN Package Check Results for Package ropercenter

Last updated on 2024-04-17 00:54:31 CEST.

Flavor Version Tinstall Tcheck Ttotal Status Flags
r-devel-linux-x86_64-debian-clang 0.3.2 8.03 61.25 69.28 NOTE
r-devel-linux-x86_64-debian-gcc 0.3.2 6.03 45.29 51.32 NOTE
r-devel-linux-x86_64-fedora-clang 0.3.2 85.01 NOTE
r-devel-linux-x86_64-fedora-gcc 0.3.2 92.53 NOTE
r-prerel-macos-arm64 0.3.2 35.00 NOTE
r-prerel-windows-x86_64 0.3.2 7.00 69.00 76.00 NOTE
r-patched-linux-x86_64 0.3.2 4.09 56.01 60.10 NOTE
r-release-linux-x86_64 0.3.2 4.42 54.47 58.89 OK
r-release-macos-arm64 0.3.2 33.00 OK
r-release-macos-x86_64 0.3.2 87.00 OK
r-release-windows-x86_64 0.3.2 9.00 71.00 80.00 OK
r-oldrel-macos-arm64 0.3.2 33.00 OK
r-oldrel-windows-x86_64 0.3.2 10.00 75.00 85.00 OK

Check Details

Version: 0.3.2
Check: Rd files
Result: NOTE checkRd: (-1) read_ascii.Rd:33: Lost braces 33 | \item{respondent_pattern}{For use when the file does not contain a line for every card for every respondent (or contains extra lines that correspond to no respondent), a regular expression that matches the file's respondent identifier; e.g., if the respondent number is stored in the first four digits of each line, preceded by a space, "(?<=^\\s)\\d{4}".} | ^ Flavors: r-devel-linux-x86_64-debian-clang, r-devel-linux-x86_64-debian-gcc, r-devel-linux-x86_64-fedora-clang, r-devel-linux-x86_64-fedora-gcc, r-prerel-macos-arm64, r-prerel-windows-x86_64, r-patched-linux-x86_64