CRAN Package Check Results for Package rolypoly

Last updated on 2021-03-07 19:49:07 CET.

Flavor Version Tinstall Tcheck Ttotal Status Flags
r-devel-linux-x86_64-debian-clang 0.1.0 6.28 131.40 137.68 OK
r-devel-linux-x86_64-debian-gcc 0.1.0 4.14 100.50 104.64 OK
r-devel-linux-x86_64-fedora-clang 0.1.0 140.70 NOTE
r-devel-linux-x86_64-fedora-gcc 0.1.0 125.11 NOTE
r-devel-windows-ix86+x86_64 0.1.0 15.00 117.00 132.00 OK
r-devel-windows-x86_64-gcc10-UCRT 0.1.0 NOTE
r-patched-linux-x86_64 0.1.0 5.84 113.03 118.87 OK
r-patched-solaris-x86 0.1.0 154.90 NOTE
r-release-linux-x86_64 0.1.0 6.17 116.57 122.74 OK
r-release-macos-x86_64 0.1.0 NOTE
r-release-windows-ix86+x86_64 0.1.0 11.00 88.00 99.00 OK
r-oldrel-macos-x86_64 0.1.0 NOTE
r-oldrel-windows-ix86+x86_64 0.1.0 8.00 81.00 89.00 OK

Check Details

Version: 0.1.0
Check: dependencies in R code
Result: NOTE
    Namespace in Imports field not imported from: ‘matrixcalc’
     All declared Imports should be used.
Flavors: r-devel-linux-x86_64-fedora-clang, r-devel-linux-x86_64-fedora-gcc, r-devel-windows-x86_64-gcc10-UCRT, r-patched-solaris-x86, r-release-macos-x86_64, r-oldrel-macos-x86_64