CRAN Package Check Results for Package rolldown

Last updated on 2021-06-17 03:51:12 CEST.

Flavor Version Tinstall Tcheck Ttotal Status Flags
r-devel-linux-x86_64-debian-clang 0.1 1.99 28.51 30.50 NOTE
r-devel-linux-x86_64-debian-gcc 0.1 1.71 22.61 24.32 NOTE
r-devel-linux-x86_64-fedora-clang 0.1 45.67 NOTE
r-devel-linux-x86_64-fedora-gcc 0.1 36.32 NOTE
r-devel-windows-x86_64 0.1 5.00 46.00 51.00 NOTE
r-devel-windows-x86_64-gcc10-UCRT 0.1 NOTE
r-patched-linux-x86_64 0.1 5.43 27.71 33.14 NOTE
r-patched-solaris-x86 0.1 57.10 NOTE
r-release-linux-x86_64 0.1 1.92 28.10 30.02 NOTE
r-release-macos-arm64 0.1 NOTE
r-release-macos-x86_64 0.1 NOTE
r-release-windows-ix86+x86_64 0.1 5.00 45.00 50.00 NOTE
r-oldrel-macos-x86_64 0.1 OK
r-oldrel-windows-ix86+x86_64 0.1 4.00 43.00 47.00 OK

Check Details

Version: 0.1
Check: LazyData
Result: NOTE
     'LazyData' is specified without a 'data' directory
Flavors: r-devel-linux-x86_64-debian-clang, r-devel-linux-x86_64-debian-gcc, r-devel-linux-x86_64-fedora-clang, r-devel-linux-x86_64-fedora-gcc, r-devel-windows-x86_64, r-devel-windows-x86_64-gcc10-UCRT, r-patched-linux-x86_64, r-patched-solaris-x86, r-release-linux-x86_64, r-release-macos-arm64, r-release-macos-x86_64, r-release-windows-ix86+x86_64