CRAN Package Check Results for Package rofanova

Last updated on 2024-06-13 12:49:58 CEST.

Flavor Version Tinstall Tcheck Ttotal Status Flags
r-devel-linux-x86_64-debian-clang 1.0.0 53.39 216.44 269.83 NOTE
r-devel-linux-x86_64-debian-gcc 1.0.0 0.30 1.63 1.93 ERROR
r-devel-linux-x86_64-fedora-clang 1.0.0 341.28 NOTE
r-devel-linux-x86_64-fedora-gcc 1.0.0 329.75 NOTE
r-devel-windows-x86_64 1.0.0 47.00 175.00 222.00 OK
r-patched-linux-x86_64 1.0.0 34.82 207.56 242.38 NOTE
r-release-linux-x86_64 1.0.0 48.79 206.69 255.48 NOTE
r-release-macos-arm64 1.0.0 83.00 NOTE
r-release-macos-x86_64 1.0.0 119.00 NOTE
r-release-windows-x86_64 1.0.0 47.00 180.00 227.00 OK
r-oldrel-macos-arm64 1.0.0 99.00 NOTE
r-oldrel-macos-x86_64 1.0.0 149.00 NOTE
r-oldrel-windows-x86_64 1.0.0 58.00 228.00 286.00 OK

Check Details

Version: 1.0.0
Check: C++ specification
Result: NOTE Specified C++11: please drop specification unless essential Flavors: r-devel-linux-x86_64-debian-clang, r-devel-linux-x86_64-fedora-clang, r-devel-linux-x86_64-fedora-gcc, r-patched-linux-x86_64, r-release-linux-x86_64, r-release-macos-arm64, r-release-macos-x86_64, r-oldrel-macos-arm64, r-oldrel-macos-x86_64

Version: 1.0.0
Check: package dependencies
Result: ERROR Package required but not available: ‘fda.usc’ Package suggested but not available for checking: ‘testthat’ See section ‘The DESCRIPTION file’ in the ‘Writing R Extensions’ manual. Flavor: r-devel-linux-x86_64-debian-gcc