CRAN Package Check Results for Package robust2sls

Last updated on 2024-06-14 05:00:33 CEST.

Flavor Version Tinstall Tcheck Ttotal Status Flags
r-devel-linux-x86_64-debian-clang 0.2.2 7.03 206.67 213.70 OK
r-devel-linux-x86_64-debian-gcc 0.2.2 0.51 1.74 2.25 ERROR
r-devel-linux-x86_64-fedora-clang 0.2.2 256.84 OK
r-devel-linux-x86_64-fedora-gcc 0.2.2 255.97 OK
r-devel-windows-x86_64 0.2.2 8.00 178.00 186.00 OK
r-patched-linux-x86_64 0.2.2 13.47 191.06 204.53 OK
r-release-linux-x86_64 0.2.2 8.78 196.26 205.04 OK
r-release-macos-arm64 0.2.2 79.00 OK
r-release-macos-x86_64 0.2.2 152.00 OK
r-release-windows-x86_64 0.2.2 8.00 182.00 190.00 OK
r-oldrel-macos-arm64 0.2.2 84.00 OK
r-oldrel-macos-x86_64 0.2.2 126.00 NOTE
r-oldrel-windows-x86_64 0.2.2 10.00 223.00 233.00 OK

Check Details

Version: 0.2.2
Check: package dependencies
Result: ERROR Packages required but not available: 'exactci', 'ivreg' Packages suggested but not available for checking: 'ggplot2', 'ivgets', 'testthat' See section ‘The DESCRIPTION file’ in the ‘Writing R Extensions’ manual. Flavor: r-devel-linux-x86_64-debian-gcc

Version: 0.2.2
Check: package dependencies
Result: NOTE Package suggested but not available for checking: ‘ivgets’ Flavor: r-oldrel-macos-x86_64

Version: 0.2.2
Check: Rd cross-references
Result: NOTE Package unavailable to check Rd xrefs: ‘ivgets’ Flavor: r-oldrel-macos-x86_64