CRAN Package Check Results for Package robotstxt

Last updated on 2021-03-02 15:48:12 CET.

Flavor Version Tinstall Tcheck Ttotal Status Flags
r-devel-linux-x86_64-debian-clang 0.7.13 OK
r-devel-linux-x86_64-debian-gcc 0.7.13 2.16 30.56 32.72 OK
r-devel-linux-x86_64-fedora-clang 0.7.13 60.28 NOTE
r-devel-linux-x86_64-fedora-gcc 0.7.13 50.35 NOTE
r-devel-windows-ix86+x86_64 0.7.13 6.00 44.00 50.00 OK
r-patched-linux-x86_64 0.7.13 2.75 39.82 42.57 OK
r-patched-solaris-x86 0.7.13 71.10 NOTE
r-release-linux-x86_64 0.7.13 2.80 39.52 42.32 OK
r-release-macos-x86_64 0.7.13 NOTE
r-release-windows-ix86+x86_64 0.7.13 7.00 57.00 64.00 OK
r-oldrel-macos-x86_64 0.7.13 NOTE
r-oldrel-windows-ix86+x86_64 0.7.13 4.00 59.00 63.00 OK

Check Details

Version: 0.7.13
Check: dependencies in R code
Result: NOTE
    Namespace in Imports field not imported from: ‘future’
     All declared Imports should be used.
Flavors: r-devel-linux-x86_64-fedora-clang, r-devel-linux-x86_64-fedora-gcc, r-patched-solaris-x86, r-release-macos-x86_64, r-oldrel-macos-x86_64