CRAN Package Check Results for Package roben

Last updated on 2021-06-20 07:50:22 CEST.

Flavor Version Tinstall Tcheck Ttotal Status Flags
r-devel-linux-x86_64-debian-clang 0.1.0 248.73 54.34 303.07 OK
r-devel-linux-x86_64-debian-gcc 0.1.0 162.10 39.45 201.55 OK
r-devel-linux-x86_64-fedora-clang 0.1.0 434.01 NOTE
r-devel-linux-x86_64-fedora-gcc 0.1.0 382.07 OK
r-devel-windows-x86_64 0.1.0 282.00 68.00 350.00 OK
r-devel-windows-x86_64-gcc10-UCRT 0.1.0 OK
r-patched-linux-x86_64 0.1.0 193.02 53.85 246.87 OK
r-patched-solaris-x86 0.1.0 334.80 OK
r-release-linux-x86_64 0.1.0 191.94 53.33 245.27 OK
r-release-macos-arm64 0.1.0 NOTE
r-release-macos-x86_64 0.1.0 NOTE
r-release-windows-ix86+x86_64 0.1.0 562.00 119.00 681.00 OK
r-oldrel-macos-x86_64 0.1.0 NOTE
r-oldrel-windows-ix86+x86_64 0.1.0 414.00 126.00 540.00 OK

Check Details

Version: 0.1.0
Check: installed package size
Result: NOTE
     installed size is 10.9Mb
     sub-directories of 1Mb or more:
     libs 10.3Mb
Flavors: r-devel-linux-x86_64-fedora-clang, r-release-macos-arm64, r-release-macos-x86_64, r-oldrel-macos-x86_64