CRAN Package Check Results for Package rnr

Last updated on 2022-05-23 11:50:14 CEST.

Flavor Version Tinstall Tcheck Ttotal Status Flags
r-devel-linux-x86_64-debian-clang 0.2.1 2.21 33.58 35.79 NOTE
r-devel-linux-x86_64-debian-gcc 0.2.1 1.44 25.66 27.10 NOTE
r-devel-linux-x86_64-fedora-clang 0.2.1 44.16 NOTE
r-devel-linux-x86_64-fedora-gcc 0.2.1 31.41 NOTE
r-devel-windows-x86_64 0.2.1 10.00 49.00 59.00 NOTE
r-patched-linux-x86_64 0.2.1 2.24 32.14 34.38 NOTE
r-release-linux-x86_64 0.2.1 NOTE
r-release-macos-arm64 0.2.1 15.00 NOTE
r-release-macos-x86_64 0.2.1 20.00 NOTE
r-release-windows-x86_64 0.2.1 10.00 50.00 60.00 NOTE
r-oldrel-macos-arm64 0.2.1 15.00 NOTE
r-oldrel-macos-x86_64 0.2.1 26.00 NOTE
r-oldrel-windows-ix86+x86_64 0.2.1 5.00 43.00 48.00 NOTE

Check Details

Version: 0.2.1
Check: LazyData
Result: NOTE
     'LazyData' is specified without a 'data' directory
Flavors: r-devel-linux-x86_64-debian-clang, r-devel-linux-x86_64-debian-gcc, r-devel-linux-x86_64-fedora-clang, r-devel-linux-x86_64-fedora-gcc, r-devel-windows-x86_64, r-patched-linux-x86_64, r-release-linux-x86_64, r-release-macos-arm64, r-release-macos-x86_64, r-release-windows-x86_64, r-oldrel-macos-arm64, r-oldrel-macos-x86_64, r-oldrel-windows-ix86+x86_64