Last updated on 2021-01-23 07:55:18 CET.
Flavor | Version | Tinstall | Tcheck | Ttotal | Status | Flags |
---|---|---|---|---|---|---|
r-devel-linux-x86_64-debian-clang | 1.3-7 | 160.12 | 263.11 | 423.23 | OK | |
r-devel-linux-x86_64-debian-gcc | 1.3-7 | 108.37 | 196.82 | 305.19 | OK | |
r-devel-linux-x86_64-fedora-clang | 1.3-7 | 546.14 | NOTE | |||
r-devel-linux-x86_64-fedora-gcc | 1.3-7 | 520.28 | OK | |||
r-devel-windows-ix86+x86_64 | 1.3-7 | 320.00 | 259.00 | 579.00 | NOTE | |
r-patched-linux-x86_64 | 1.3-7 | 134.33 | 239.34 | 373.67 | OK | |
r-patched-solaris-x86 | 1.3-7 | 523.20 | OK | |||
r-release-linux-x86_64 | 1.3-7 | 129.84 | 246.11 | 375.95 | OK | |
r-release-macos-x86_64 | 1.3-7 | NOTE | ||||
r-release-windows-ix86+x86_64 | 1.3-7 | 284.00 | 332.00 | 616.00 | NOTE | |
r-oldrel-macos-x86_64 | 1.3-7 | NOTE | ||||
r-oldrel-windows-ix86+x86_64 | 1.3-7 | 236.00 | 300.00 | 536.00 | NOTE |
Version: 1.3-7
Check: installed package size
Result: NOTE
installed size is 9.9Mb
sub-directories of 1Mb or more:
R 2.1Mb
libs 6.8Mb
Flavors: r-devel-linux-x86_64-fedora-clang, r-devel-windows-ix86+x86_64, r-release-macos-x86_64, r-release-windows-ix86+x86_64, r-oldrel-macos-x86_64, r-oldrel-windows-ix86+x86_64