CRAN Package Check Results for Package rmapzen

Last updated on 2021-02-26 11:51:04 CET.

Flavor Version Tinstall Tcheck Ttotal Status Flags
r-devel-linux-x86_64-debian-clang 0.4.2 4.83 105.77 110.60 OK
r-devel-linux-x86_64-debian-gcc 0.4.2 3.50 78.12 81.62 OK
r-devel-linux-x86_64-fedora-clang 0.4.2 138.45 NOTE
r-devel-linux-x86_64-fedora-gcc 0.4.2 130.56 NOTE
r-devel-windows-ix86+x86_64 0.4.2 9.00 99.00 108.00 OK
r-patched-linux-x86_64 0.4.2 4.09 102.18 106.27 OK
r-patched-solaris-x86 0.4.2 158.30 NOTE
r-release-linux-x86_64 0.4.2 4.33 102.73 107.06 OK
r-release-macos-x86_64 0.4.2 NOTE
r-release-windows-ix86+x86_64 0.4.2 10.00 109.00 119.00 OK
r-oldrel-macos-x86_64 0.4.2 NOTE
r-oldrel-windows-ix86+x86_64 0.4.2 6.00 139.00 145.00 OK

Check Details

Version: 0.4.2
Check: data for non-ASCII characters
Result: NOTE
     Note: found 31 marked UTF-8 strings
Flavors: r-devel-linux-x86_64-fedora-clang, r-devel-linux-x86_64-fedora-gcc, r-patched-solaris-x86, r-release-macos-x86_64, r-oldrel-macos-x86_64

Version: 0.4.2
Check: dependencies in R code
Result: NOTE
    Missing or unexported object: ‘tidyr::one_of’
Flavor: r-oldrel-macos-x86_64