CRAN Package Check Results for Package rma.exact

Last updated on 2021-06-19 23:49:33 CEST.

Flavor Version Tinstall Tcheck Ttotal Status Flags
r-devel-linux-x86_64-debian-clang 0.1.0 3.12 30.46 33.58 NOTE
r-devel-linux-x86_64-debian-gcc 0.1.0 1.80 23.91 25.71 NOTE
r-devel-linux-x86_64-fedora-clang 0.1.0 49.81 NOTE
r-devel-linux-x86_64-fedora-gcc 0.1.0 39.01 NOTE
r-devel-windows-x86_64 0.1.0 5.00 52.00 57.00 NOTE
r-devel-windows-x86_64-gcc10-UCRT 0.1.0 NOTE
r-patched-linux-x86_64 0.1.0 2.98 30.29 33.27 NOTE
r-patched-solaris-x86 0.1.0 59.40 NOTE
r-release-linux-x86_64 0.1.0 2.12 29.47 31.59 NOTE
r-release-macos-arm64 0.1.0 NOTE
r-release-macos-x86_64 0.1.0 NOTE
r-release-windows-ix86+x86_64 0.1.0 6.00 48.00 54.00 NOTE
r-oldrel-macos-x86_64 0.1.0 OK
r-oldrel-windows-ix86+x86_64 0.1.0 4.00 48.00 52.00 OK

Check Details

Version: 0.1.0
Check: LazyData
Result: NOTE
     'LazyData' is specified without a 'data' directory
Flavors: r-devel-linux-x86_64-debian-clang, r-devel-linux-x86_64-debian-gcc, r-devel-linux-x86_64-fedora-clang, r-devel-linux-x86_64-fedora-gcc, r-devel-windows-x86_64, r-devel-windows-x86_64-gcc10-UCRT, r-patched-linux-x86_64, r-patched-solaris-x86, r-release-linux-x86_64, r-release-macos-arm64, r-release-macos-x86_64, r-release-windows-ix86+x86_64