CRAN Package Check Results for Package rmBayes

Last updated on 2022-01-21 19:48:47 CET.

Flavor Version Tinstall Tcheck Ttotal Status Flags
r-devel-linux-x86_64-debian-clang 0.1.13 1182.89 179.87 1362.76 NOTE
r-devel-linux-x86_64-debian-gcc 0.1.13 1104.13 191.58 1295.71 NOTE
r-devel-linux-x86_64-fedora-clang 0.1.13 2018.57 NOTE
r-devel-linux-x86_64-fedora-gcc 0.1.13 2227.38 NOTE
r-devel-windows-x86_64-new-UL 0.1.13 759.00 316.00 1075.00 NOTE
r-devel-windows-x86_64-new-TK 0.1.13 NOTE
r-patched-linux-x86_64 0.1.13 1029.82 243.04 1272.86 NOTE
r-release-linux-x86_64 0.1.13 1087.17 235.78 1322.95 NOTE
r-release-macos-arm64 0.1.13 NOTE
r-release-macos-x86_64 0.1.13 NOTE
r-release-windows-ix86+x86_64 0.1.13 2694.00 424.00 3118.00 NOTE
r-oldrel-macos-x86_64 0.1.13 NOTE
r-oldrel-windows-ix86+x86_64 0.1.13 2722.00 422.00 3144.00 NOTE

Check Details

Version: 0.1.13
Check: for GNU extensions in Makefiles
Result: NOTE
    GNU make is a SystemRequirements.
Flavors: r-devel-linux-x86_64-debian-clang, r-devel-linux-x86_64-debian-gcc, r-devel-linux-x86_64-fedora-clang, r-devel-linux-x86_64-fedora-gcc, r-devel-windows-x86_64-new-UL, r-devel-windows-x86_64-new-TK, r-patched-linux-x86_64, r-release-linux-x86_64, r-release-macos-arm64, r-release-macos-x86_64, r-release-windows-ix86+x86_64, r-oldrel-macos-x86_64, r-oldrel-windows-ix86+x86_64

Version: 0.1.13
Check: installed package size
Result: NOTE
     installed size is 133.5Mb
     sub-directories of 1Mb or more:
     libs 133.1Mb
Flavors: r-devel-linux-x86_64-fedora-clang, r-devel-windows-x86_64-new-UL, r-release-macos-arm64, r-release-macos-x86_64, r-release-windows-ix86+x86_64, r-oldrel-macos-x86_64, r-oldrel-windows-ix86+x86_64

Version: 0.1.13
Check: dependencies in R code
Result: NOTE
    Namespaces in Imports field not imported from:
     ‘RcppParallel’ ‘rstantools’
     All declared Imports should be used.
Flavors: r-devel-linux-x86_64-fedora-clang, r-devel-linux-x86_64-fedora-gcc, r-devel-windows-x86_64-new-TK, r-release-macos-arm64, r-release-macos-x86_64, r-oldrel-macos-x86_64