CRAN Package Check Results for Package rleafmap

Last updated on 2022-05-26 03:53:19 CEST.

Flavor Version Tinstall Tcheck Ttotal Status Flags
r-devel-linux-x86_64-debian-clang 0.2 26.25 262.09 288.34 OK
r-devel-linux-x86_64-debian-gcc 0.2 22.25 191.17 213.42 OK
r-devel-linux-x86_64-fedora-clang 0.2 355.94 NOTE
r-devel-linux-x86_64-fedora-gcc 0.2 326.28 OK
r-devel-windows-x86_64 0.2 52.00 238.00 290.00 OK
r-patched-linux-x86_64 0.2 23.06 248.48 271.54 OK
r-release-linux-x86_64 0.2 OK
r-release-macos-arm64 0.2 71.00 OK
r-release-macos-x86_64 0.2 100.00 OK
r-release-windows-x86_64 0.2 79.00 234.00 313.00 OK
r-oldrel-macos-arm64 0.2 42.00 OK
r-oldrel-macos-x86_64 0.2 71.00 OK
r-oldrel-windows-ix86+x86_64 0.2 58.00 239.00 297.00 OK

Check Details

Version: 0.2
Check: Rd cross-references
Result: NOTE
    Undeclared package ‘rgdal’ in Rd xrefs
Flavor: r-devel-linux-x86_64-fedora-clang