Last updated on 2021-03-05 23:48:53 CET.
Flavor | Version | Tinstall | Tcheck | Ttotal | Status | Flags |
---|---|---|---|---|---|---|
r-devel-linux-x86_64-debian-clang | 1.3.9 | 161.45 | 36.56 | 198.01 | OK | |
r-devel-linux-x86_64-debian-gcc | 1.3.9 | 104.11 | 28.78 | 132.89 | OK | |
r-devel-linux-x86_64-fedora-clang | 1.3.9 | 303.33 | NOTE | |||
r-devel-linux-x86_64-fedora-gcc | 1.3.9 | 248.02 | OK | |||
r-devel-windows-ix86+x86_64 | 1.3.9 | 438.00 | 94.00 | 532.00 | NOTE | |
r-patched-linux-x86_64 | 1.3.9 | OK | ||||
r-patched-solaris-x86 | 1.3.9 | 254.40 | OK | |||
r-release-linux-x86_64 | 1.3.9 | 127.70 | 35.04 | 162.74 | OK | |
r-release-macos-x86_64 | 1.3.9 | NOTE | ||||
r-release-windows-ix86+x86_64 | 1.3.9 | 419.00 | 78.00 | 497.00 | NOTE | |
r-oldrel-macos-x86_64 | 1.3.9 | NOTE | ||||
r-oldrel-windows-ix86+x86_64 | 1.3.9 | 103.00 | 5.00 | 108.00 | ERROR |
Version: 1.3.9
Check: installed package size
Result: NOTE
installed size is 10.1Mb
sub-directories of 1Mb or more:
libs 9.4Mb
Flavors: r-devel-linux-x86_64-fedora-clang, r-devel-windows-ix86+x86_64, r-release-macos-x86_64, r-release-windows-ix86+x86_64, r-oldrel-macos-x86_64
Version: 1.3.9
Check: whether package can be installed
Result: ERROR
Installation failed.
Flavor: r-oldrel-windows-ix86+x86_64